CRAN Package Check Results for Package survivalMPLdc

Last updated on 2024-06-14 12:57:52 CEST.

Flavor Version Tinstall Tcheck Ttotal Status Flags
r-devel-linux-x86_64-debian-clang 0.1.1 16.73 1128.89 1145.62 NOTE
r-devel-linux-x86_64-debian-gcc 0.1.1 11.14 817.11 828.25 NOTE
r-devel-linux-x86_64-fedora-clang 0.1.1 1367.93 NOTE
r-devel-linux-x86_64-fedora-gcc 0.1.1 1357.73 NOTE
r-devel-windows-x86_64 0.1.1 13.00 1209.00 1222.00 NOTE
r-patched-linux-x86_64 0.1.1 12.84 1126.55 1139.39 NOTE
r-release-linux-x86_64 0.1.1 14.96 1096.23 1111.19 NOTE
r-release-macos-arm64 0.1.1 487.00 NOTE
r-release-macos-x86_64 0.1.1 760.00 NOTE
r-release-windows-x86_64 0.1.1 13.00 1263.00 1276.00 NOTE
r-oldrel-macos-arm64 0.1.1 543.00 OK
r-oldrel-macos-x86_64 0.1.1 835.00 OK
r-oldrel-windows-x86_64 0.1.1 19.00 1147.00 1166.00 OK

Check Details

Version: 0.1.1
Check: Rd files
Result: NOTE checkRd: (-1) coxph_mpl_dc.Rd:24: Lost braces; missing escapes or markup? 24 | \item{mpl_h0t}{MPL estimates of the baseline hazard for T, i.e. h_{0T}(x_i)} | ^ checkRd: (-1) coxph_mpl_dc.Rd:25: Lost braces; missing escapes or markup? 25 | \item{mpl_h0c}{MPL estimates of the baseline hazard for C, i.e. h_{0C}(x_i)} | ^ checkRd: (-1) coxph_mpl_dc.Rd:26: Lost braces; missing escapes or markup? 26 | \item{mpl_H0t}{MPL estimates of the baseline cumulative hazard for T, i.e. H_{0T}(x_i)} | ^ checkRd: (-1) coxph_mpl_dc.Rd:27: Lost braces; missing escapes or markup? 27 | \item{mpl_H0c}{MPL estimates of the baseline cumulative hazard for C, i.e. H_{0c}(x_i)} | ^ checkRd: (-1) coxph_mpl_dc.Rd:28: Lost braces; missing escapes or markup? 28 | \item{mpl_S0t}{MPL estimates of the baseline survival for T, i.e. S_{0T}(x_i)} | ^ checkRd: (-1) coxph_mpl_dc.Rd:29: Lost braces; missing escapes or markup? 29 | \item{mpl_S0c}{MPL estimates of the baseline survival for C, i.e. S_{0C}(x_i)} | ^ Flavors: r-devel-linux-x86_64-debian-clang, r-devel-linux-x86_64-debian-gcc, r-devel-linux-x86_64-fedora-clang, r-devel-linux-x86_64-fedora-gcc, r-devel-windows-x86_64, r-patched-linux-x86_64, r-release-linux-x86_64, r-release-macos-arm64, r-release-macos-x86_64, r-release-windows-x86_64