Last updated on 2023-09-29 21:54:08 CEST.
Flavor | Version | Tinstall | Tcheck | Ttotal | Status | Flags |
---|---|---|---|---|---|---|
r-devel-linux-x86_64-debian-clang | 3.5-7 | 69.11 | 706.77 | 775.88 | OK | |
r-devel-linux-x86_64-debian-gcc | 3.5-7 | 58.10 | 527.95 | 586.05 | OK | |
r-devel-linux-x86_64-fedora-clang | 3.5-7 | 960.07 | NOTE | |||
r-devel-linux-x86_64-fedora-gcc | 3.5-7 | 977.45 | OK | |||
r-devel-windows-x86_64 | 3.5-7 | 81.00 | 736.00 | 817.00 | NOTE | |
r-patched-linux-x86_64 | 3.5-7 | 79.35 | 678.19 | 757.54 | OK | |
r-release-linux-x86_64 | 3.5-7 | 74.25 | 676.98 | 751.23 | OK | |
r-release-macos-arm64 | 3.5-7 | 345.00 | NOTE | |||
r-release-macos-x86_64 | 3.5-7 | 631.00 | NOTE | |||
r-release-windows-x86_64 | 3.5-7 | 105.00 | 766.00 | 871.00 | NOTE | |
r-oldrel-macos-arm64 | 3.5-7 | 299.00 | NOTE | |||
r-oldrel-macos-x86_64 | 3.5-7 | 467.00 | NOTE | |||
r-oldrel-windows-x86_64 | 3.5-7 | 100.00 | 754.00 | 854.00 | NOTE |
Version: 3.5-7
Check: installed package size
Result: NOTE
installed size is 8.2Mb
sub-directories of 1Mb or more:
R 1.2Mb
data 1.9Mb
doc 3.9Mb
Flavors: r-devel-linux-x86_64-fedora-clang, r-devel-windows-x86_64, r-release-macos-arm64, r-release-macos-x86_64, r-release-windows-x86_64, r-oldrel-macos-arm64, r-oldrel-macos-x86_64, r-oldrel-windows-x86_64