CRAN Package Check Results for Package survey

Last updated on 2022-07-02 00:51:00 CEST.

Flavor Version Tinstall Tcheck Ttotal Status Flags
r-devel-linux-x86_64-debian-clang 4.1-1 30.88 362.81 393.69 NOTE
r-devel-linux-x86_64-debian-gcc 4.1-1 26.01 264.72 290.73 NOTE
r-devel-linux-x86_64-fedora-clang 4.1-1 462.16 NOTE
r-devel-linux-x86_64-fedora-gcc 4.1-1 465.94 NOTE
r-devel-windows-x86_64 4.1-1 92.00 416.00 508.00 NOTE
r-patched-linux-x86_64 4.1-1 26.95 338.82 365.77 OK
r-release-linux-x86_64 4.1-1 29.95 333.89 363.84 OK
r-release-macos-arm64 4.1-1 131.00 OK
r-release-macos-x86_64 4.1-1 188.00 OK
r-release-windows-x86_64 4.1-1 141.00 426.00 567.00 OK
r-oldrel-macos-arm64 4.1-1 123.00 OK
r-oldrel-macos-x86_64 4.1-1 183.00 OK
r-oldrel-windows-ix86+x86_64 4.1-1 50.00 402.00 452.00 OK

Check Details

Version: 4.1-1
Check: Rd files
Result: NOTE
    checkRd: (-1) estweights.Rd:42: Escaped LaTeX specials: \&
Flavors: r-devel-linux-x86_64-debian-clang, r-devel-linux-x86_64-debian-gcc, r-devel-linux-x86_64-fedora-clang, r-devel-linux-x86_64-fedora-gcc, r-devel-windows-x86_64