CRAN Package Check Results for Package survey

Last updated on 2020-07-14 07:47:29 CEST.

Flavor Version Tinstall Tcheck Ttotal Status Flags
r-devel-linux-x86_64-debian-clang 4.0 25.45 309.82 335.27 OK
r-devel-linux-x86_64-debian-gcc 4.0 24.65 233.30 257.95 OK
r-devel-linux-x86_64-fedora-clang 4.0 410.98 OK
r-devel-linux-x86_64-fedora-gcc 4.0 425.86 OK
r-devel-windows-ix86+x86_64 4.0 37.00 410.00 447.00 OK
r-patched-linux-x86_64 4.0 30.57 302.39 332.96 OK
r-patched-solaris-x86 4.0 534.20 OK
r-release-linux-x86_64 4.0 28.84 301.30 330.14 OK
r-release-macos-x86_64 4.0 ERROR
r-release-windows-ix86+x86_64 4.0 53.00 408.00 461.00 OK
r-oldrel-macos-x86_64 4.0 OK
r-oldrel-windows-ix86+x86_64 4.0 49.00 399.00 448.00 OK

Check Details

Version: 4.0
Check: whether package can be installed
Result: ERROR
    Installation failed.
Flavor: r-release-macos-x86_64