Last updated on 2023-12-05 00:52:21 CET.
Flavor | Version | Tinstall | Tcheck | Ttotal | Status | Flags |
---|---|---|---|---|---|---|
r-devel-linux-x86_64-debian-clang | 0.1.0 | 7.33 | 69.03 | 76.36 | NOTE | |
r-devel-linux-x86_64-debian-gcc | 0.1.0 | 6.22 | 53.15 | 59.37 | NOTE | |
r-devel-linux-x86_64-fedora-clang | 0.1.0 | 96.23 | NOTE | |||
r-devel-linux-x86_64-fedora-gcc | 0.1.0 | 92.18 | NOTE | |||
r-devel-windows-x86_64 | 0.1.0 | 7.00 | 69.00 | 76.00 | NOTE | |
r-patched-linux-x86_64 | 0.1.0 | 7.89 | 67.84 | 75.73 | NOTE | |
r-release-linux-x86_64 | 0.1.0 | 7.47 | 67.07 | 74.54 | NOTE | |
r-release-macos-arm64 | 0.1.0 | 33.00 | NOTE | |||
r-release-macos-x86_64 | 0.1.0 | 50.00 | NOTE | |||
r-release-windows-x86_64 | 0.1.0 | 8.00 | 77.00 | 85.00 | NOTE | |
r-oldrel-macos-arm64 | 0.1.0 | 30.00 | NOTE | |||
r-oldrel-macos-x86_64 | 0.1.0 | 45.00 | NOTE | |||
r-oldrel-windows-x86_64 | 0.1.0 | 10.00 | 83.00 | 93.00 | NOTE |
Version: 0.1.0
Check: LazyData
Result: NOTE
'LazyData' is specified without a 'data' directory
Flavors: r-devel-linux-x86_64-debian-clang, r-devel-linux-x86_64-debian-gcc, r-devel-linux-x86_64-fedora-clang, r-devel-linux-x86_64-fedora-gcc, r-devel-windows-x86_64, r-patched-linux-x86_64, r-release-linux-x86_64, r-release-macos-arm64, r-release-macos-x86_64, r-release-windows-x86_64, r-oldrel-macos-arm64, r-oldrel-macos-x86_64, r-oldrel-windows-x86_64