Last updated on 2023-12-05 00:52:21 CET.
Flavor | Version | Tinstall | Tcheck | Ttotal | Status | Flags |
---|---|---|---|---|---|---|
r-devel-linux-x86_64-debian-clang | 0.1.0 | 7.60 | 74.07 | 81.67 | NOTE | |
r-devel-linux-x86_64-debian-gcc | 0.1.0 | 5.43 | 57.20 | 62.63 | NOTE | |
r-devel-linux-x86_64-fedora-clang | 0.1.0 | 101.24 | NOTE | |||
r-devel-linux-x86_64-fedora-gcc | 0.1.0 | 97.68 | NOTE | |||
r-devel-windows-x86_64 | 0.1.0 | 6.00 | 71.00 | 77.00 | NOTE | |
r-patched-linux-x86_64 | 0.1.0 | 7.81 | 72.42 | 80.23 | NOTE | |
r-release-linux-x86_64 | 0.1.0 | 6.46 | 71.93 | 78.39 | NOTE | |
r-release-macos-arm64 | 0.1.0 | 35.00 | NOTE | |||
r-release-macos-x86_64 | 0.1.0 | 54.00 | NOTE | |||
r-release-windows-x86_64 | 0.1.0 | 9.00 | 84.00 | 93.00 | NOTE | |
r-oldrel-macos-arm64 | 0.1.0 | 32.00 | NOTE | |||
r-oldrel-macos-x86_64 | 0.1.0 | 43.00 | NOTE | |||
r-oldrel-windows-x86_64 | 0.1.0 | 9.00 | 85.00 | 94.00 | NOTE |
Version: 0.1.0
Check: LazyData
Result: NOTE
'LazyData' is specified without a 'data' directory
Flavors: r-devel-linux-x86_64-debian-clang, r-devel-linux-x86_64-debian-gcc, r-devel-linux-x86_64-fedora-clang, r-devel-linux-x86_64-fedora-gcc, r-devel-windows-x86_64, r-patched-linux-x86_64, r-release-linux-x86_64, r-release-macos-arm64, r-release-macos-x86_64, r-release-windows-x86_64, r-oldrel-macos-arm64, r-oldrel-macos-x86_64, r-oldrel-windows-x86_64