CRAN Package Check Results for Package sureLDA

Last updated on 2025-01-18 12:57:11 CET.

Flavor Version Tinstall Tcheck Ttotal Status Flags
r-devel-linux-x86_64-debian-clang 0.1.0-1 24.66 228.11 252.77 OK
r-devel-linux-x86_64-debian-gcc 0.1.0-1 18.09 150.82 168.91 OK
r-devel-linux-x86_64-fedora-clang 0.1.0-1 472.29 NOTE
r-devel-linux-x86_64-fedora-gcc 0.1.0-1 440.64 NOTE
r-devel-windows-x86_64 0.1.0-1 27.00 319.00 346.00 OK
r-patched-linux-x86_64 0.1.0-1 23.53 219.96 243.49 OK
r-release-linux-x86_64 0.1.0-1 24.54 213.57 238.11 OK
r-release-macos-arm64 0.1.0-1 106.00 OK
r-release-macos-x86_64 0.1.0-1 201.00 OK
r-release-windows-x86_64 0.1.0-1 28.00 299.00 327.00 OK
r-oldrel-macos-arm64 0.1.0-1 128.00 OK
r-oldrel-macos-x86_64 0.1.0-1 204.00 OK
r-oldrel-windows-x86_64 0.1.0-1 33.00 366.00 399.00 OK

Check Details

Version: 0.1.0-1
Check: dependencies in R code
Result: NOTE Namespaces in Imports field not imported from: ‘doParallel’ ‘pROC’ All declared Imports should be used. Flavors: r-devel-linux-x86_64-fedora-clang, r-devel-linux-x86_64-fedora-gcc