CRAN Package Check Results for Package sureLDA

Last updated on 2022-08-08 18:52:20 CEST.

Flavor Version Tinstall Tcheck Ttotal Status Flags
r-devel-linux-x86_64-debian-clang 0.1.0-1 41.07 340.02 381.09 OK
r-devel-linux-x86_64-debian-gcc 0.1.0-1 28.84 216.64 245.48 OK
r-devel-linux-x86_64-fedora-clang 0.1.0-1 441.50 NOTE
r-devel-linux-x86_64-fedora-gcc 0.1.0-1 431.13 NOTE
r-devel-windows-x86_64 0.1.0-1 34.00 400.00 434.00 OK
r-patched-linux-x86_64 0.1.0-1 31.74 309.54 341.28 OK
r-release-linux-x86_64 0.1.0-1 OK
r-release-macos-arm64 0.1.0-1 102.00 NOTE
r-release-macos-x86_64 0.1.0-1 150.00 NOTE
r-release-windows-x86_64 0.1.0-1 39.00 399.00 438.00 OK
r-oldrel-macos-arm64 0.1.0-1 105.00 NOTE
r-oldrel-macos-x86_64 0.1.0-1 173.00 NOTE
r-oldrel-windows-ix86+x86_64 0.1.0-1 93.00 426.00 519.00 OK

Check Details

Version: 0.1.0-1
Check: dependencies in R code
Result: NOTE
    Namespaces in Imports field not imported from:
     ‘doParallel’ ‘pROC’
     All declared Imports should be used.
Flavors: r-devel-linux-x86_64-fedora-clang, r-devel-linux-x86_64-fedora-gcc, r-release-macos-arm64, r-release-macos-x86_64, r-oldrel-macos-arm64, r-oldrel-macos-x86_64