CRAN Package Check Results for Package sure

Last updated on 2020-09-22 14:05:12 CEST.

Flavor Version Tinstall Tcheck Ttotal Status Flags
r-devel-linux-x86_64-debian-clang 0.2.0 4.55 43.36 47.91 OK
r-devel-linux-x86_64-debian-gcc 0.2.0 3.86 34.05 37.91 OK
r-devel-linux-x86_64-fedora-clang 0.2.0 79.15 NOTE
r-devel-linux-x86_64-fedora-gcc 0.2.0 58.23 OK
r-devel-windows-ix86+x86_64 0.2.0 13.00 55.00 68.00 OK
r-patched-linux-x86_64 0.2.0 4.58 41.93 46.51 OK
r-patched-solaris-x86 0.2.0 88.20 OK
r-release-linux-x86_64 0.2.0 4.85 42.26 47.11 OK
r-release-macos-x86_64 0.2.0 OK
r-release-windows-ix86+x86_64 0.2.0 15.00 43.00 58.00 OK
r-oldrel-macos-x86_64 0.2.0 OK
r-oldrel-windows-ix86+x86_64 0.2.0 6.00 68.00 74.00 OK

Check Details

Version: 0.2.0
Check: Rd cross-references
Result: NOTE
    Undeclared package ‘truncdist’ in Rd xrefs
Flavor: r-devel-linux-x86_64-fedora-clang