CRAN Package Check Results for Package supreme

Last updated on 2022-08-15 12:54:12 CEST.

Flavor Version Tinstall Tcheck Ttotal Status Flags
r-devel-linux-x86_64-debian-clang 1.1.0 4.14 35.89 40.03 NOTE
r-devel-linux-x86_64-debian-gcc 1.1.0 2.82 28.08 30.90 NOTE
r-devel-linux-x86_64-fedora-clang 1.1.0 59.30 NOTE
r-devel-linux-x86_64-fedora-gcc 1.1.0 57.59 NOTE
r-devel-windows-x86_64 1.1.0 19.00 60.00 79.00 NOTE
r-patched-linux-x86_64 1.1.0 3.86 34.90 38.76 NOTE
r-release-linux-x86_64 1.1.0 4.09 35.21 39.30 NOTE
r-release-macos-arm64 1.1.0 19.00 NOTE
r-release-macos-x86_64 1.1.0 36.00 NOTE
r-release-windows-x86_64 1.1.0 26.00 64.00 90.00 NOTE
r-oldrel-macos-arm64 1.1.0 25.00 NOTE
r-oldrel-macos-x86_64 1.1.0 34.00 NOTE
r-oldrel-windows-ix86+x86_64 1.1.0 9.00 57.00 66.00 NOTE

Check Details

Version: 1.1.0
Check: LazyData
Result: NOTE
     'LazyData' is specified without a 'data' directory
Flavors: r-devel-linux-x86_64-debian-clang, r-devel-linux-x86_64-debian-gcc, r-devel-linux-x86_64-fedora-clang, r-devel-linux-x86_64-fedora-gcc, r-devel-windows-x86_64, r-patched-linux-x86_64, r-release-linux-x86_64, r-release-macos-arm64, r-release-macos-x86_64, r-release-windows-x86_64, r-oldrel-macos-arm64, r-oldrel-macos-x86_64, r-oldrel-windows-ix86+x86_64

Version: 1.1.0
Check: dependencies in R code
Result: NOTE
    Namespace in Imports field not imported from: ‘shiny’
     All declared Imports should be used.
Flavors: r-devel-linux-x86_64-fedora-clang, r-devel-linux-x86_64-fedora-gcc, r-release-macos-arm64, r-release-macos-x86_64, r-oldrel-macos-arm64, r-oldrel-macos-x86_64