CRAN Package Check Results for Package superml

Last updated on 2022-09-30 00:49:29 CEST.

Flavor Version Tinstall Tcheck Ttotal Status Flags
r-devel-linux-x86_64-debian-clang 0.5.5 54.64 75.58 130.22 NOTE
r-devel-linux-x86_64-debian-gcc 0.5.5 47.59 55.75 103.34 NOTE
r-devel-linux-x86_64-fedora-clang 0.5.5 181.32 NOTE
r-devel-linux-x86_64-fedora-gcc 0.5.5 183.87 NOTE
r-devel-windows-x86_64 0.5.5 64.00 132.00 196.00 NOTE
r-patched-linux-x86_64 0.5.5 55.79 69.65 125.44 OK
r-release-linux-x86_64 0.5.5 54.92 68.00 122.92 OK
r-release-macos-arm64 0.5.5 51.00 OK
r-release-macos-x86_64 0.5.5 62.00 OK
r-release-windows-x86_64 0.5.5 67.00 130.00 197.00 OK
r-oldrel-macos-arm64 0.5.5 52.00 OK
r-oldrel-macos-x86_64 0.5.5 71.00 OK
r-oldrel-windows-ix86+x86_64 0.5.5 126.00 142.00 268.00 OK

Check Details

Version: 0.5.5
Check: HTML version of manual
Result: NOTE
    Found the following HTML validation problems:
    RandomSearchCV.html:75:6: Warning: missing </span> before <p>
    RandomSearchCV.html:75:102: Warning: inserting implicit <span>
Flavors: r-devel-linux-x86_64-debian-clang, r-devel-linux-x86_64-debian-gcc, r-devel-linux-x86_64-fedora-clang, r-devel-linux-x86_64-fedora-gcc, r-devel-windows-x86_64