CRAN Package Check Results for Package superMICE

Last updated on 2024-02-28 21:50:01 CET.

Flavor Version Tinstall Tcheck Ttotal Status Flags
r-devel-linux-x86_64-debian-clang 1.1.1 12.67 107.58 120.25 NOTE
r-devel-linux-x86_64-debian-gcc 1.1.1 11.96 79.54 91.50 NOTE
r-devel-linux-x86_64-fedora-clang 1.1.1 156.76 NOTE
r-devel-linux-x86_64-fedora-gcc 1.1.1 142.93 NOTE
r-devel-windows-x86_64 1.1.1 13.00 90.00 103.00 NOTE
r-patched-linux-x86_64 1.1.1 17.02 102.73 119.75 NOTE
r-release-linux-x86_64 1.1.1 12.77 104.02 116.79 NOTE
r-release-macos-arm64 1.1.1 25.00 NOTE
r-release-macos-x86_64 1.1.1 37.00 NOTE
r-release-windows-x86_64 1.1.1 15.00 110.00 125.00 NOTE
r-oldrel-macos-arm64 1.1.1 27.00 OK
r-oldrel-windows-x86_64 1.1.1 16.00 112.00 128.00 NOTE

Check Details

Version: 1.1.1
Check: package dependencies
Result: NOTE Package suggested but not available for checking: ‘extraTrees’ Flavors: r-devel-linux-x86_64-debian-clang, r-devel-linux-x86_64-debian-gcc, r-devel-linux-x86_64-fedora-clang, r-devel-linux-x86_64-fedora-gcc, r-devel-windows-x86_64, r-patched-linux-x86_64, r-release-linux-x86_64, r-release-macos-arm64, r-release-windows-x86_64, r-oldrel-windows-x86_64

Version: 1.1.1
Check: package dependencies
Result: NOTE Packages suggested but not available for checking: 'arm', 'bartMachine', 'extraTrees', 'party', 'xgboost' Flavor: r-release-macos-x86_64