CRAN Package Check Results for Package summarytools

Last updated on 2020-05-31 13:48:10 CEST.

Flavor Version Tinstall Tcheck Ttotal Status Flags
r-devel-linux-x86_64-debian-clang 0.9.6 16.84 104.37 121.21 OK
r-devel-linux-x86_64-debian-gcc 0.9.6 14.03 78.70 92.73 OK
r-devel-linux-x86_64-fedora-clang 0.9.6 171.34 NOTE
r-devel-linux-x86_64-fedora-gcc 0.9.6 146.14 NOTE
r-devel-windows-ix86+x86_64 0.9.6 36.00 140.00 176.00 OK
r-patched-linux-x86_64 0.9.6 18.49 101.92 120.41 OK
r-patched-solaris-x86 0.9.6 206.60 NOTE
r-release-linux-x86_64 0.9.6 17.88 102.90 120.78 OK
r-release-osx-x86_64 0.9.6 NOTE
r-release-windows-ix86+x86_64 0.9.6 27.00 224.00 251.00 OK
r-oldrel-osx-x86_64 0.9.6 WARN
r-oldrel-windows-ix86+x86_64 0.9.6 24.00 103.00 127.00 OK

Check Details

Version: 0.9.6
Check: data for non-ASCII characters
Result: NOTE
     Note: found 78 marked UTF-8 strings
Flavors: r-devel-linux-x86_64-fedora-clang, r-devel-linux-x86_64-fedora-gcc, r-patched-solaris-x86, r-release-osx-x86_64, r-oldrel-osx-x86_64

Version: 0.9.6
Check: dependencies in R code
Result: NOTE
    No protocol specified
    No protocol specified
    No protocol specified
Flavor: r-oldrel-osx-x86_64

Version: 0.9.6
Check: S3 generic/method consistency
Result: WARN
    No protocol specified
    No protocol specified
    No protocol specified
    See section ‘Generic functions and methods’ in the ‘Writing R
    Extensions’ manual.
Flavor: r-oldrel-osx-x86_64

Version: 0.9.6
Check: replacement functions
Result: WARN
    No protocol specified
    No protocol specified
    No protocol specified
    The argument of a replacement function which corresponds to the right
    hand side must be named ‘value’.
Flavor: r-oldrel-osx-x86_64

Version: 0.9.6
Check: foreign function calls
Result: NOTE
    No protocol specified
    No protocol specified
    No protocol specified
    See chapter ‘System and foreign language interfaces’ in the ‘Writing R
    Extensions’ manual.
Flavor: r-oldrel-osx-x86_64

Version: 0.9.6
Check: R code for possible problems
Result: NOTE
    No protocol specified
    No protocol specified
Flavor: r-oldrel-osx-x86_64

Version: 0.9.6
Check: for missing documentation entries
Result: WARN
    No protocol specified
    No protocol specified
    No protocol specified
    All user-level objects in a package should have documentation entries.
    See chapter ‘Writing R documentation files’ in the ‘Writing R
    Extensions’ manual.
Flavor: r-oldrel-osx-x86_64

Version: 0.9.6
Check: for code/documentation mismatches
Result: WARN
    No protocol specified
    No protocol specified
    No protocol specified
    No protocol specified
    No protocol specified
    No protocol specified
    No protocol specified
    No protocol specified
    No protocol specified
Flavor: r-oldrel-osx-x86_64

Version: 0.9.6
Check: Rd \usage sections
Result: NOTE
    No protocol specified
    No protocol specified
    No protocol specified
    The \usage entries for S3 methods should use the \method markup and not
    their full name.
    See chapter ‘Writing R documentation files’ in the ‘Writing R
    Extensions’ manual.
Flavor: r-oldrel-osx-x86_64