Last updated on 2023-12-11 12:52:27 CET.
Flavor | Version | Tinstall | Tcheck | Ttotal | Status | Flags |
---|---|---|---|---|---|---|
r-devel-linux-x86_64-debian-clang | 3.0.7 | 8.86 | 86.48 | 95.34 | OK | |
r-devel-linux-x86_64-debian-gcc | 3.0.7 | 8.06 | 66.95 | 75.01 | OK | |
r-devel-linux-x86_64-fedora-clang | 3.0.7 | 121.10 | NOTE | |||
r-devel-linux-x86_64-fedora-gcc | 3.0.7 | 129.18 | NOTE | |||
r-devel-windows-x86_64 | 3.0.7 | 9.00 | 81.00 | 90.00 | OK | |
r-patched-linux-x86_64 | 3.0.7 | 6.12 | 84.96 | 91.08 | OK | |
r-release-linux-x86_64 | 3.0.7 | 6.51 | 83.42 | 89.93 | OK | |
r-release-macos-arm64 | 3.0.7 | 46.00 | OK | |||
r-release-macos-x86_64 | 3.0.7 | 74.00 | OK | |||
r-release-windows-x86_64 | 3.0.7 | 12.00 | 94.00 | 106.00 | OK | |
r-oldrel-macos-arm64 | 3.0.7 | 40.00 | NOTE | |||
r-oldrel-macos-x86_64 | 3.0.7 | 54.00 | NOTE | |||
r-oldrel-windows-x86_64 | 3.0.7 | 13.00 | 99.00 | 112.00 | OK |
Version: 3.0.7
Check: dependencies in R code
Result: NOTE
Namespaces in Imports field not imported from:
‘DT’ ‘bsplus’ ‘colourpicker’ ‘grDevices’ ‘graphics’ ‘jsonlite’
‘purrr’ ‘shinyjs’
All declared Imports should be used.
Flavors: r-devel-linux-x86_64-fedora-clang, r-devel-linux-x86_64-fedora-gcc, r-oldrel-macos-arm64, r-oldrel-macos-x86_64