CRAN Package Check Results for Package stylest

Last updated on 2022-08-19 12:54:50 CEST.

Flavor Version Tinstall Tcheck Ttotal Status Flags
r-devel-linux-x86_64-debian-clang 0.2.0 7.01 76.87 83.88 OK
r-devel-linux-x86_64-debian-gcc 0.2.0 5.36 58.90 64.26 OK
r-devel-linux-x86_64-fedora-clang 0.2.0 112.42 NOTE
r-devel-linux-x86_64-fedora-gcc 0.2.0 110.62 NOTE
r-devel-windows-x86_64 0.2.0 16.00 107.00 123.00 OK
r-patched-linux-x86_64 0.2.0 7.42 73.13 80.55 OK
r-release-linux-x86_64 0.2.0 OK
r-release-macos-arm64 0.2.0 36.00 NOTE
r-release-macos-x86_64 0.2.0 46.00 NOTE
r-release-windows-x86_64 0.2.0 20.00 104.00 124.00 OK
r-oldrel-macos-arm64 0.2.0 36.00 NOTE
r-oldrel-macos-x86_64 0.2.0 62.00 NOTE
r-oldrel-windows-ix86+x86_64 0.2.0 16.00 100.00 116.00 OK

Check Details

Version: 0.2.0
Check: data for non-ASCII characters
Result: NOTE
     Note: found 2 marked UTF-8 strings
Flavors: r-devel-linux-x86_64-fedora-clang, r-devel-linux-x86_64-fedora-gcc, r-release-macos-arm64, r-release-macos-x86_64, r-oldrel-macos-arm64, r-oldrel-macos-x86_64