CRAN Package Check Results for Package stringfish

Last updated on 2022-11-26 05:52:02 CET.

Flavor Version Tinstall Tcheck Ttotal Status Flags
r-devel-linux-x86_64-debian-clang 0.15.7 26.81 148.12 174.93 NOTE
r-devel-linux-x86_64-debian-gcc 0.15.7 19.45 104.36 123.81 NOTE
r-devel-linux-x86_64-fedora-clang 0.15.7 227.50 NOTE
r-devel-linux-x86_64-fedora-gcc 0.15.7 226.74 NOTE
r-devel-windows-x86_64 0.15.7 99.00 210.00 309.00 NOTE
r-patched-linux-x86_64 0.15.7 NOTE
r-release-linux-x86_64 0.15.7 25.69 141.29 166.98 NOTE
r-release-macos-arm64 0.15.7 62.00 NOTE
r-release-macos-x86_64 0.15.7 92.00 NOTE
r-release-windows-x86_64 0.15.7 101.00 216.00 317.00 NOTE
r-oldrel-macos-arm64 0.15.7 58.00 NOTE
r-oldrel-macos-x86_64 0.15.7 88.00 NOTE
r-oldrel-windows-ix86+x86_64 0.15.7 151.00 372.00 523.00 NOTE

Check Details

Version: 0.15.7
Check: for GNU extensions in Makefiles
Result: NOTE
    GNU make is a SystemRequirements.
Flavors: r-devel-linux-x86_64-debian-clang, r-devel-linux-x86_64-debian-gcc, r-devel-linux-x86_64-fedora-clang, r-devel-linux-x86_64-fedora-gcc, r-devel-windows-x86_64, r-patched-linux-x86_64, r-release-linux-x86_64, r-release-macos-arm64, r-release-macos-x86_64, r-release-windows-x86_64, r-oldrel-macos-arm64, r-oldrel-macos-x86_64, r-oldrel-windows-ix86+x86_64