CRAN Package Check Results for Package strider

Last updated on 2024-03-02 18:54:15 CET.

Flavor Version Tinstall Tcheck Ttotal Status Flags
r-devel-linux-x86_64-debian-clang 1.3 18.63 114.78 133.41 NOTE
r-devel-linux-x86_64-debian-gcc 1.3 14.46 82.16 96.62 NOTE
r-devel-linux-x86_64-fedora-clang 1.3 176.35 NOTE
r-devel-linux-x86_64-fedora-gcc 1.3 188.50 NOTE
r-devel-windows-x86_64 1.3 15.00 133.00 148.00 NOTE
r-patched-linux-x86_64 1.3 19.14 116.22 135.36 NOTE
r-release-linux-x86_64 1.3 17.61 117.06 134.67 NOTE
r-release-macos-arm64 1.3 59.00 NOTE
r-release-macos-x86_64 1.3 91.00 NOTE
r-release-windows-x86_64 1.3 17.00 156.00 173.00 NOTE
r-oldrel-macos-arm64 1.3 50.00 OK
r-oldrel-windows-x86_64 1.3 19.00 146.00 165.00 OK

Check Details

Version: 1.3
Check: C++ specification
Result: NOTE Specified C++11: please drop specification unless essential Flavors: r-devel-linux-x86_64-debian-clang, r-devel-linux-x86_64-debian-gcc, r-devel-linux-x86_64-fedora-clang, r-devel-linux-x86_64-fedora-gcc, r-devel-windows-x86_64, r-patched-linux-x86_64, r-release-linux-x86_64, r-release-macos-arm64, r-release-macos-x86_64, r-release-windows-x86_64