CRAN Package Check Results for Package stream

Last updated on 2020-08-10 22:49:46 CEST.

Flavor Version Tinstall Tcheck Ttotal Status Flags
r-devel-linux-x86_64-debian-clang 1.3-2 146.57 168.44 315.01 OK
r-devel-linux-x86_64-debian-gcc 1.3-2 110.39 127.07 237.46 OK
r-devel-linux-x86_64-fedora-clang 1.3-2 424.69 NOTE
r-devel-linux-x86_64-fedora-gcc 1.3-2 393.62 NOTE
r-devel-windows-ix86+x86_64 1.3-2 345.00 342.00 687.00 NOTE
r-patched-linux-x86_64 1.3-2 118.97 160.33 279.30 OK
r-patched-solaris-x86 1.3-2 382.50 NOTE
r-release-linux-x86_64 1.3-2 117.84 159.20 277.04 OK
r-release-macos-x86_64 1.3-2 NOTE
r-release-windows-ix86+x86_64 1.3-2 339.00 258.00 597.00 NOTE
r-oldrel-macos-x86_64 1.3-2 NOTE
r-oldrel-windows-ix86+x86_64 1.3-2 233.00 278.00 511.00 NOTE

Check Details

Version: 1.3-2
Check: installed package size
Result: NOTE
     installed size is 14.7Mb
     sub-directories of 1Mb or more:
     doc 1.6Mb
     libs 12.2Mb
Flavors: r-devel-linux-x86_64-fedora-clang, r-devel-windows-ix86+x86_64, r-release-macos-x86_64, r-release-windows-ix86+x86_64, r-oldrel-macos-x86_64, r-oldrel-windows-ix86+x86_64

Version: 1.3-2
Check: dependencies in R code
Result: NOTE
    Namespace in Imports field not imported from: ‘dbscan’
     All declared Imports should be used.
Flavors: r-devel-linux-x86_64-fedora-clang, r-devel-linux-x86_64-fedora-gcc, r-patched-solaris-x86, r-release-macos-x86_64, r-oldrel-macos-x86_64