CRAN Package Check Results for Package stratEst

Last updated on 2022-09-28 06:54:21 CEST.

Flavor Version Tinstall Tcheck Ttotal Status Flags
r-devel-linux-x86_64-debian-clang 1.1.4 134.45 61.32 195.77 OK
r-devel-linux-x86_64-debian-gcc 1.1.4 112.09 48.49 160.58 OK
r-devel-linux-x86_64-fedora-clang 1.1.4 276.05 OK
r-devel-linux-x86_64-fedora-gcc 1.1.4 254.84 OK
r-devel-windows-x86_64 1.1.4 110.00 115.00 225.00 OK
r-patched-linux-x86_64 1.1.4 107.05 58.18 165.23 OK
r-release-linux-x86_64 1.1.4 113.56 57.98 171.54 OK
r-release-macos-arm64 1.1.4 78.00 NOTE
r-release-macos-x86_64 1.1.4 87.00 NOTE
r-release-windows-x86_64 1.1.4 95.00 111.00 206.00 OK
r-oldrel-macos-arm64 1.1.4 86.00 NOTE
r-oldrel-macos-x86_64 1.1.4 89.00 NOTE
r-oldrel-windows-ix86+x86_64 1.1.4 262.00 121.00 383.00 OK

Check Details

Version: 1.1.4
Check: installed package size
Result: NOTE
     installed size is 10.1Mb
     sub-directories of 1Mb or more:
     libs 8.8Mb
Flavors: r-release-macos-arm64, r-release-macos-x86_64, r-oldrel-macos-arm64, r-oldrel-macos-x86_64