CRAN Package Check Results for Package strat

Last updated on 2023-01-31 19:07:38 CET.

Flavor Version Tinstall Tcheck Ttotal Status Flags
r-devel-linux-x86_64-debian-clang 0.1 30.98 39.05 70.03 OK
r-devel-linux-x86_64-debian-gcc 0.1 24.32 30.82 55.14 OK
r-devel-linux-x86_64-fedora-clang 0.1 98.03 NOTE
r-devel-linux-x86_64-fedora-gcc 0.1 93.23 NOTE
r-devel-windows-x86_64 0.1 41.00 88.00 129.00 OK
r-patched-linux-x86_64 0.1 23.45 39.28 62.73 OK
r-release-linux-x86_64 0.1 24.88 39.63 64.51 OK
r-release-macos-arm64 0.1 34.00 OK
r-release-macos-x86_64 0.1 45.00 OK
r-release-windows-x86_64 0.1 30.00 92.00 122.00 OK
r-oldrel-macos-arm64 0.1 36.00 OK
r-oldrel-macos-x86_64 0.1 46.00 OK
r-oldrel-windows-ix86+x86_64 0.1 77.00 99.00 176.00 OK

Check Details

Version: 0.1
Check: compiled code
Result: NOTE
    File ‘strat/libs/strat.so’:
     Found no calls to: ‘R_registerRoutines’, ‘R_useDynamicSymbols’
    
    It is good practice to register native routines and to disable symbol
    search.
    
    See ‘Writing portable packages’ in the ‘Writing R Extensions’ manual.
Flavors: r-devel-linux-x86_64-fedora-clang, r-devel-linux-x86_64-fedora-gcc