CRAN Package Check Results for Package stopwords

Last updated on 2024-06-24 21:56:58 CEST.

Flavor Version Tinstall Tcheck Ttotal Status Flags
r-devel-linux-x86_64-debian-clang 2.3 2.35 27.44 29.79 OK
r-devel-linux-x86_64-debian-gcc 2.3 1.93 20.70 22.63 OK
r-devel-linux-x86_64-fedora-clang 2.3 37.70 NOTE
r-devel-linux-x86_64-fedora-gcc 2.3 35.17 NOTE
r-devel-windows-x86_64 2.3 4.00 44.00 48.00 OK
r-patched-linux-x86_64 2.3 2.89 25.54 28.43 OK
r-release-linux-x86_64 2.3 1.87 26.03 27.90 OK
r-release-macos-arm64 2.3 16.00 OK
r-release-macos-x86_64 2.3 24.00 OK
r-release-windows-x86_64 2.3 3.00 45.00 48.00 OK
r-oldrel-macos-arm64 2.3 18.00 OK
r-oldrel-macos-x86_64 2.3 25.00 OK
r-oldrel-windows-x86_64 2.3 4.00 48.00 52.00 OK

Check Details

Version: 2.3
Check: data for non-ASCII characters
Result: NOTE Note: found 22806 marked UTF-8 strings Flavors: r-devel-linux-x86_64-fedora-clang, r-devel-linux-x86_64-fedora-gcc