CRAN Package Check Results for Package stochvol

Last updated on 2022-09-30 00:49:29 CEST.

Flavor Version Tinstall Tcheck Ttotal Status Flags
r-devel-linux-x86_64-debian-clang 3.2.0 145.46 149.67 295.13 NOTE
r-devel-linux-x86_64-debian-gcc 3.2.0 111.59 115.39 226.98 NOTE
r-devel-linux-x86_64-fedora-clang 3.2.0 430.41 NOTE
r-devel-linux-x86_64-fedora-gcc 3.2.0 393.87 NOTE
r-devel-windows-x86_64 3.2.0 302.00 285.00 587.00 NOTE
r-patched-linux-x86_64 3.2.0 129.67 146.90 276.57 OK
r-release-linux-x86_64 3.2.0 128.41 146.04 274.45 OK
r-release-macos-arm64 3.2.0 105.00 NOTE
r-release-macos-x86_64 3.2.0 137.00 NOTE
r-release-windows-x86_64 3.2.0 160.00 285.00 445.00 OK
r-oldrel-macos-arm64 3.2.0 186.00 NOTE
r-oldrel-macos-x86_64 3.2.0 140.00 NOTE
r-oldrel-windows-ix86+x86_64 3.2.0 343.00 311.00 654.00 NOTE

Check Details

Version: 3.2.0
Check: package subdirectories
Result: NOTE
    Problems with news in 'NEWS.md':
     Cannot extract version info from the following section titles:
     Initial TODO
Flavors: r-devel-linux-x86_64-debian-clang, r-devel-linux-x86_64-debian-gcc, r-devel-linux-x86_64-fedora-clang, r-devel-linux-x86_64-fedora-gcc, r-devel-windows-x86_64

Version: 3.2.0
Check: installed package size
Result: NOTE
     installed size is 9.5Mb
     sub-directories of 1Mb or more:
     doc 1.9Mb
     libs 6.8Mb
Flavors: r-release-macos-arm64, r-release-macos-x86_64, r-oldrel-macos-arm64, r-oldrel-macos-x86_64, r-oldrel-windows-ix86+x86_64