CRAN Package Check Results for Package stochvol

Last updated on 2020-12-04 19:48:43 CET.

Flavor Version Tinstall Tcheck Ttotal Status Flags
r-devel-linux-x86_64-debian-clang 3.0.3 141.99 127.52 269.51 OK
r-devel-linux-x86_64-debian-gcc 3.0.3 93.52 96.03 189.55 OK
r-devel-linux-x86_64-fedora-clang 3.0.3 359.56 NOTE
r-devel-linux-x86_64-fedora-gcc 3.0.3 338.22 OK
r-devel-windows-ix86+x86_64 3.0.3 312.00 250.00 562.00 OK
r-patched-linux-x86_64 3.0.3 111.35 126.33 237.68 OK
r-patched-solaris-x86 3.0.3 343.30 OK
r-release-linux-x86_64 3.0.3 110.92 127.43 238.35 OK
r-release-macos-x86_64 3.0.3 NOTE
r-release-windows-ix86+x86_64 3.0.3 235.00 228.00 463.00 OK
r-oldrel-macos-x86_64 3.0.3 NOTE
r-oldrel-windows-ix86+x86_64 3.0.3 285.00 227.00 512.00 OK

Check Details

Version: 3.0.3
Check: installed package size
Result: NOTE
     installed size is 7.3Mb
     sub-directories of 1Mb or more:
     libs 6.2Mb
Flavors: r-devel-linux-x86_64-fedora-clang, r-release-macos-x86_64, r-oldrel-macos-x86_64