CRAN Package Check Results for Package stevedata

Last updated on 2023-02-01 00:52:50 CET.

Flavor Version Tinstall Tcheck Ttotal Status Flags
r-devel-linux-x86_64-debian-clang 0.9.0 36.28 45.10 81.38 OK
r-devel-linux-x86_64-debian-gcc 0.9.0 30.06 34.95 65.01 OK
r-devel-linux-x86_64-fedora-clang 0.9.0 107.91 NOTE
r-devel-linux-x86_64-fedora-gcc 0.9.0 110.05 NOTE
r-devel-windows-x86_64 0.9.0 93.00 89.00 182.00 OK
r-patched-linux-x86_64 0.9.0 35.09 40.29 75.38 OK
r-release-linux-x86_64 0.9.0 31.29 40.41 71.70 OK
r-release-macos-arm64 0.9.0 43.00 OK
r-release-macos-x86_64 0.9.0 53.00 OK
r-release-windows-x86_64 0.9.0 114.00 76.00 190.00 OK
r-oldrel-macos-arm64 0.9.0 44.00 OK
r-oldrel-macos-x86_64 0.9.0 56.00 OK
r-oldrel-windows-ix86+x86_64 0.9.0 52.00 67.00 119.00 OK

Check Details

Version: 0.9.0
Check: data for non-ASCII characters
Result: NOTE
     Note: found 370 marked UTF-8 strings
Flavors: r-devel-linux-x86_64-fedora-clang, r-devel-linux-x86_64-fedora-gcc