CRAN Package Check Results for Package steps

Last updated on 2022-09-27 00:51:16 CEST.

Flavor Version Tinstall Tcheck Ttotal Status Flags
r-devel-linux-x86_64-debian-clang 1.2.1 55.55 613.68 669.23 NOTE
r-devel-linux-x86_64-debian-gcc 1.2.1 42.61 452.03 494.64 NOTE
r-devel-linux-x86_64-fedora-clang 1.2.1 813.91 NOTE
r-devel-linux-x86_64-fedora-gcc 1.2.1 767.83 NOTE
r-devel-windows-x86_64 1.2.1 69.00 731.00 800.00 NOTE
r-patched-linux-x86_64 1.2.1 49.34 579.38 628.72 OK
r-release-linux-x86_64 1.2.1 48.31 597.29 645.60 OK
r-release-macos-arm64 1.2.1 224.00 OK
r-release-macos-x86_64 1.2.1 283.00 OK
r-release-windows-x86_64 1.2.1 62.00 794.00 856.00 OK
r-oldrel-macos-arm64 1.2.1 214.00 OK
r-oldrel-macos-x86_64 1.2.1 339.00 OK
r-oldrel-windows-ix86+x86_64 1.2.1 126.00 981.00 1107.00 OK

Check Details

Version: 1.2.1
Check: package subdirectories
Result: NOTE
    Problems with news in 'NEWS.md':
    No news entries found.
Flavors: r-devel-linux-x86_64-debian-clang, r-devel-linux-x86_64-debian-gcc, r-devel-linux-x86_64-fedora-clang, r-devel-linux-x86_64-fedora-gcc, r-devel-windows-x86_64