Last updated on 2023-02-08 12:57:23 CET.
Flavor | Version | Tinstall | Tcheck | Ttotal | Status | Flags |
---|---|---|---|---|---|---|
r-devel-linux-x86_64-debian-clang | 2.1-4 | 293.48 | 344.32 | 637.80 | OK | |
r-devel-linux-x86_64-debian-gcc | 2.1-4 | 209.95 | 240.24 | 450.19 | OK | |
r-devel-linux-x86_64-fedora-clang | 2.1-4 | 686.11 | OK | |||
r-devel-linux-x86_64-fedora-gcc | 2.1-4 | 759.91 | OK | |||
r-devel-windows-x86_64 | 2.1-4 | 229.00 | 430.00 | 659.00 | OK | |
r-patched-linux-x86_64 | 2.1-4 | 204.87 | 324.60 | 529.47 | OK | |
r-release-linux-x86_64 | 2.1-4 | 209.52 | 336.01 | 545.53 | OK | |
r-release-macos-arm64 | 2.1-4 | 179.00 | NOTE | |||
r-release-macos-x86_64 | 2.1-4 | 264.00 | NOTE | |||
r-release-windows-x86_64 | 2.1-4 | 183.00 | 287.00 | 470.00 | OK | |
r-oldrel-macos-arm64 | 2.1-4 | 167.00 | NOTE | |||
r-oldrel-macos-x86_64 | 2.1-4 | 261.00 | NOTE | |||
r-oldrel-windows-ix86+x86_64 | 2.1-4 | 574.00 | 697.00 | 1271.00 | OK |
Version: 2.1-4
Check: installed package size
Result: NOTE
installed size is 6.1Mb
sub-directories of 1Mb or more:
libs 5.0Mb
Flavors: r-release-macos-arm64, r-release-macos-x86_64, r-oldrel-macos-arm64, r-oldrel-macos-x86_64