CRAN Package Check Results for Package statnetWeb

Last updated on 2022-08-20 01:50:11 CEST.

Flavor Version Tinstall Tcheck Ttotal Status Flags
r-devel-linux-x86_64-debian-clang 0.5.6 12.56 102.73 115.29 NOTE
r-devel-linux-x86_64-debian-gcc 0.5.6 9.82 76.97 86.79 NOTE
r-devel-linux-x86_64-fedora-clang 0.5.6 144.71 NOTE
r-devel-linux-x86_64-fedora-gcc 0.5.6 151.13 NOTE
r-devel-windows-x86_64 0.5.6 35.00 125.00 160.00 NOTE
r-patched-linux-x86_64 0.5.6 10.50 97.10 107.60 NOTE
r-release-linux-x86_64 0.5.6 NOTE
r-release-macos-arm64 0.5.6 38.00 NOTE
r-release-macos-x86_64 0.5.6 76.00 NOTE
r-release-windows-x86_64 0.5.6 31.00 156.00 187.00 NOTE
r-oldrel-macos-arm64 0.5.6 42.00 NOTE
r-oldrel-macos-x86_64 0.5.6 71.00 NOTE
r-oldrel-windows-ix86+x86_64 0.5.6 26.00 118.00 144.00 NOTE

Check Details

Version: 0.5.6
Check: LazyData
Result: NOTE
     'LazyData' is specified without a 'data' directory
Flavors: r-devel-linux-x86_64-debian-clang, r-devel-linux-x86_64-debian-gcc, r-devel-linux-x86_64-fedora-clang, r-devel-linux-x86_64-fedora-gcc, r-devel-windows-x86_64, r-patched-linux-x86_64, r-release-linux-x86_64, r-release-macos-arm64, r-release-macos-x86_64, r-release-windows-x86_64, r-oldrel-macos-arm64, r-oldrel-macos-x86_64, r-oldrel-windows-ix86+x86_64