CRAN Package Check Results for Package stationaRy

Last updated on 2022-08-11 18:50:29 CEST.

Flavor Version Tinstall Tcheck Ttotal Status Flags
r-devel-linux-x86_64-debian-clang 0.5.1 3.60 73.68 77.28 NOTE
r-devel-linux-x86_64-debian-gcc 0.5.1 3.63 57.71 61.34 NOTE
r-devel-linux-x86_64-fedora-clang 0.5.1 100.70 NOTE
r-devel-linux-x86_64-fedora-gcc 0.5.1 101.00 NOTE
r-devel-windows-x86_64 0.5.1 14.00 101.00 115.00 NOTE
r-patched-linux-x86_64 0.5.1 3.51 73.68 77.19 NOTE
r-release-linux-x86_64 0.5.1 3.72 72.31 76.03 NOTE
r-release-macos-arm64 0.5.1 32.00 NOTE
r-release-macos-x86_64 0.5.1 61.00 NOTE
r-release-windows-x86_64 0.5.1 17.00 106.00 123.00 NOTE
r-oldrel-macos-arm64 0.5.1 42.00 NOTE
r-oldrel-macos-x86_64 0.5.1 60.00 NOTE
r-oldrel-windows-ix86+x86_64 0.5.1 10.00 102.00 112.00 NOTE

Check Details

Version: 0.5.1
Check: LazyData
Result: NOTE
     'LazyData' is specified without a 'data' directory
Flavors: r-devel-linux-x86_64-debian-clang, r-devel-linux-x86_64-debian-gcc, r-devel-linux-x86_64-fedora-clang, r-devel-linux-x86_64-fedora-gcc, r-devel-windows-x86_64, r-patched-linux-x86_64, r-release-linux-x86_64, r-release-macos-arm64, r-release-macos-x86_64, r-release-windows-x86_64, r-oldrel-macos-arm64, r-oldrel-macos-x86_64, r-oldrel-windows-ix86+x86_64