CRAN Package Check Results for Package statgenHTP

Last updated on 2022-09-25 12:56:09 CEST.

Flavor Version Tinstall Tcheck Ttotal Status Flags
r-devel-linux-x86_64-debian-clang 1.0.5 14.10 437.36 451.46 NOTE
r-devel-linux-x86_64-debian-gcc 1.0.5 9.39 323.54 332.93 NOTE
r-devel-linux-x86_64-fedora-clang 1.0.5 529.74 NOTE
r-devel-linux-x86_64-fedora-gcc 1.0.5 523.19 NOTE
r-devel-windows-x86_64 1.0.5 78.00 482.00 560.00 NOTE
r-patched-linux-x86_64 1.0.5 13.67 405.23 418.90 NOTE
r-release-linux-x86_64 1.0.5 13.44 409.57 423.01 NOTE
r-release-macos-arm64 1.0.5 159.00 NOTE
r-release-macos-x86_64 1.0.5 267.00 NOTE
r-release-windows-x86_64 1.0.5 39.00 498.00 537.00 NOTE
r-oldrel-macos-arm64 1.0.5 154.00 NOTE
r-oldrel-macos-x86_64 1.0.5 203.00 NOTE
r-oldrel-windows-ix86+x86_64 1.0.5 28.00 509.00 537.00 NOTE

Check Details

Version: 1.0.5
Check: package dependencies
Result: NOTE
    Package suggested but not available for checking: 'asreml'
Flavors: r-devel-linux-x86_64-debian-clang, r-devel-linux-x86_64-debian-gcc, r-devel-linux-x86_64-fedora-clang, r-devel-linux-x86_64-fedora-gcc, r-devel-windows-x86_64, r-patched-linux-x86_64, r-release-linux-x86_64, r-release-macos-arm64, r-release-macos-x86_64, r-release-windows-x86_64, r-oldrel-macos-arm64, r-oldrel-macos-x86_64, r-oldrel-windows-ix86+x86_64