CRAN Package Check Results for Package starwarsdb

Last updated on 2022-09-26 12:53:35 CEST.

Flavor Version Tinstall Tcheck Ttotal Status Flags
r-devel-linux-x86_64-debian-clang 0.1.2 2.36 38.22 40.58 OK
r-devel-linux-x86_64-debian-gcc 0.1.2 1.76 29.45 31.21 OK
r-devel-linux-x86_64-fedora-clang 0.1.2 61.56 NOTE
r-devel-linux-x86_64-fedora-gcc 0.1.2 71.96 NOTE
r-devel-windows-x86_64 0.1.2 27.00 70.00 97.00 OK
r-patched-linux-x86_64 0.1.2 2.01 35.90 37.91 OK
r-release-linux-x86_64 0.1.2 2.11 35.57 37.68 OK
r-release-macos-arm64 0.1.2 25.00 NOTE
r-release-macos-x86_64 0.1.2 33.00 NOTE
r-release-windows-x86_64 0.1.2 20.00 68.00 88.00 OK
r-oldrel-macos-arm64 0.1.2 27.00 NOTE
r-oldrel-macos-x86_64 0.1.2 37.00 NOTE
r-oldrel-windows-ix86+x86_64 0.1.2 5.00 69.00 74.00 OK

Check Details

Version: 0.1.2
Check: data for non-ASCII characters
Result: NOTE
     Note: found 14 marked UTF-8 strings
Flavors: r-devel-linux-x86_64-fedora-clang, r-devel-linux-x86_64-fedora-gcc, r-release-macos-arm64, r-release-macos-x86_64, r-oldrel-macos-arm64, r-oldrel-macos-x86_64