CRAN Package Check Results for Package staplr

Last updated on 2022-09-28 06:54:20 CEST.

Flavor Version Tinstall Tcheck Ttotal Status Flags
r-devel-linux-x86_64-debian-clang 3.1.1 6.04 131.16 137.20 NOTE
r-devel-linux-x86_64-debian-gcc 3.1.1 4.35 100.93 105.28 NOTE
r-devel-linux-x86_64-fedora-clang 3.1.1 162.05 NOTE
r-devel-linux-x86_64-fedora-gcc 3.1.1 149.70 NOTE
r-devel-windows-x86_64 3.1.1 284.00 127.00 411.00 NOTE
r-patched-linux-x86_64 3.1.1 7.17 132.71 139.88 NOTE
r-release-linux-x86_64 3.1.1 6.12 135.59 141.71 NOTE
r-release-macos-arm64 3.1.1 56.00 NOTE
r-release-macos-x86_64 3.1.1 60.00 NOTE
r-release-windows-x86_64 3.1.1 184.00 127.00 311.00 NOTE
r-oldrel-macos-arm64 3.1.1 97.00 NOTE
r-oldrel-macos-x86_64 3.1.1 109.00 NOTE
r-oldrel-windows-ix86+x86_64 3.1.1 13.00 116.00 129.00 NOTE

Check Details

Version: 3.1.1
Check: LazyData
Result: NOTE
     'LazyData' is specified without a 'data' directory
Flavors: r-devel-linux-x86_64-debian-clang, r-devel-linux-x86_64-debian-gcc, r-devel-linux-x86_64-fedora-clang, r-devel-linux-x86_64-fedora-gcc, r-devel-windows-x86_64, r-patched-linux-x86_64, r-release-linux-x86_64, r-release-macos-arm64, r-release-macos-x86_64, r-release-windows-x86_64, r-oldrel-macos-arm64, r-oldrel-macos-x86_64, r-oldrel-windows-ix86+x86_64

Version: 3.1.1
Check: package dependencies
Result: NOTE
    Package suggested but not available for checking: ‘pdftools’
Flavor: r-release-macos-x86_64