CRAN Package Check Results for Package stapler

Last updated on 2022-09-28 00:52:55 CEST.

Flavor Version Tinstall Tcheck Ttotal Status Flags
r-devel-linux-x86_64-debian-clang 0.7.1 3.18 51.45 54.63 NOTE --no-vignettes
r-devel-linux-x86_64-debian-gcc 0.7.1 2.31 37.13 39.44 NOTE --no-vignettes
r-devel-linux-x86_64-fedora-clang 0.7.1 1744.66 NOTE
r-devel-linux-x86_64-fedora-gcc 0.7.1 1704.30 NOTE
r-devel-windows-x86_64 0.7.1 17.00 1183.00 1200.00 NOTE
r-patched-linux-x86_64 0.7.1 4.23 48.11 52.34 NOTE --no-vignettes
r-release-linux-x86_64 0.7.1 2.95 48.08 51.03 NOTE --no-vignettes
r-release-macos-arm64 0.7.1 245.00 NOTE
r-release-macos-x86_64 0.7.1 413.00 NOTE
r-release-windows-x86_64 0.7.1 10.00 1222.00 1232.00 NOTE
r-oldrel-macos-arm64 0.7.1 304.00 NOTE
r-oldrel-macos-x86_64 0.7.1 481.00 NOTE
r-oldrel-windows-ix86+x86_64 0.7.1 8.00 1501.00 1509.00 NOTE

Check Details

Version: 0.7.1
Flags: --no-vignettes
Check: LazyData
Result: NOTE
     'LazyData' is specified without a 'data' directory
Flavors: r-devel-linux-x86_64-debian-clang, r-devel-linux-x86_64-debian-gcc, r-patched-linux-x86_64, r-release-linux-x86_64

Version: 0.7.1
Check: LazyData
Result: NOTE
     'LazyData' is specified without a 'data' directory
Flavors: r-devel-linux-x86_64-fedora-clang, r-devel-linux-x86_64-fedora-gcc, r-devel-windows-x86_64, r-release-macos-arm64, r-release-macos-x86_64, r-release-windows-x86_64, r-oldrel-macos-arm64, r-oldrel-macos-x86_64, r-oldrel-windows-ix86+x86_64