CRAN Package Check Results for Package stablelearner

Last updated on 2022-10-03 06:53:33 CEST.

Flavor Version Tinstall Tcheck Ttotal Status Flags
r-devel-linux-x86_64-debian-clang 0.1-4 11.84 159.00 170.84 OK
r-devel-linux-x86_64-debian-gcc 0.1-4 9.10 116.70 125.80 OK
r-devel-linux-x86_64-fedora-clang 0.1-4 215.60 NOTE
r-devel-linux-x86_64-fedora-gcc 0.1-4 205.50 NOTE
r-devel-windows-x86_64 0.1-4 47.00 187.00 234.00 OK
r-patched-linux-x86_64 0.1-4 17.71 149.48 167.19 OK
r-release-linux-x86_64 0.1-4 10.96 148.03 158.99 OK
r-release-macos-arm64 0.1-4 53.00 NOTE
r-release-macos-x86_64 0.1-4 104.00 NOTE
r-release-windows-x86_64 0.1-4 65.00 190.00 255.00 OK
r-oldrel-macos-arm64 0.1-4 55.00 NOTE
r-oldrel-macos-x86_64 0.1-4 76.00 NOTE
r-oldrel-windows-ix86+x86_64 0.1-4 25.00 184.00 209.00 OK

Check Details

Version: 0.1-4
Check: data for non-ASCII characters
Result: NOTE
     Note: found 123 marked UTF-8 strings
Flavors: r-devel-linux-x86_64-fedora-clang, r-devel-linux-x86_64-fedora-gcc, r-release-macos-arm64, r-release-macos-x86_64, r-oldrel-macos-arm64, r-oldrel-macos-x86_64