CRAN Package Check Results for Package staRdom

Last updated on 2020-09-21 07:56:17 CEST.

Flavor Version Tinstall Tcheck Ttotal Status Flags
r-devel-linux-x86_64-debian-clang 1.1.14 19.17 253.10 272.27 OK
r-devel-linux-x86_64-debian-gcc 1.1.14 15.33 185.69 201.02 OK
r-devel-linux-x86_64-fedora-clang 1.1.14 366.80 OK
r-devel-linux-x86_64-fedora-gcc 1.1.14 313.74 OK
r-devel-windows-ix86+x86_64 1.1.14 42.00 315.00 357.00 OK
r-patched-linux-x86_64 1.1.14 17.45 237.42 254.87 OK
r-patched-solaris-x86 1.1.14 585.20 OK
r-release-linux-x86_64 1.1.14 19.10 237.74 256.84 OK
r-release-macos-x86_64 1.1.14 OK
r-release-windows-ix86+x86_64 1.1.14 42.00 381.00 423.00 OK
r-oldrel-macos-x86_64 1.1.14 ERROR
r-oldrel-windows-ix86+x86_64 1.1.14 25.00 416.00 441.00 OK

Check Details

Version: 1.1.14
Check: package dependencies
Result: ERROR
    Package required and available but unsuitable version: ‘data.table’
    
    See section ‘The DESCRIPTION file’ in the ‘Writing R Extensions’
    manual.
Flavor: r-oldrel-macos-x86_64