CRAN Package Check Results for Package staRdom

Last updated on 2022-08-15 12:54:12 CEST.

Flavor Version Tinstall Tcheck Ttotal Status Flags
r-devel-linux-x86_64-debian-clang 1.1.25 20.00 293.53 313.53 OK
r-devel-linux-x86_64-debian-gcc 1.1.25 17.31 210.37 227.68 OK
r-devel-linux-x86_64-fedora-clang 1.1.25 372.36 OK
r-devel-linux-x86_64-fedora-gcc 1.1.25 356.61 OK
r-devel-windows-x86_64 1.1.25 78.00 393.00 471.00 OK
r-patched-linux-x86_64 1.1.25 27.37 269.46 296.83 OK
r-release-linux-x86_64 1.1.25 17.79 266.07 283.86 OK
r-release-macos-arm64 1.1.25 126.00 OK
r-release-macos-x86_64 1.1.25 257.00 NOTE
r-release-windows-x86_64 1.1.25 76.00 404.00 480.00 OK
r-oldrel-macos-arm64 1.1.25 117.00 OK
r-oldrel-macos-x86_64 1.1.25 181.00 OK
r-oldrel-windows-ix86+x86_64 1.1.25 43.00 385.00 428.00 OK

Check Details

Version: 1.1.25
Check: package dependencies
Result: NOTE
    Package suggested but not available for checking: ‘xlsx’
Flavor: r-release-macos-x86_64