CRAN Package Check Results for Package st

Last updated on 2020-07-07 02:08:37 CEST.

Flavor Version Tinstall Tcheck Ttotal Status Flags
r-devel-linux-x86_64-debian-clang 1.2.5 3.04 29.79 32.83 NOTE
r-devel-linux-x86_64-debian-gcc 1.2.5 2.10 23.35 25.45 NOTE
r-devel-linux-x86_64-fedora-clang 1.2.5 47.29 NOTE
r-devel-linux-x86_64-fedora-gcc 1.2.5 37.81 NOTE
r-devel-windows-ix86+x86_64 1.2.5 5.00 47.00 52.00 NOTE
r-patched-linux-x86_64 1.2.5 2.65 29.26 31.91 NOTE
r-patched-solaris-x86 1.2.5 63.70 NOTE
r-release-linux-x86_64 1.2.5 3.01 29.54 32.55 NOTE
r-release-osx-x86_64 1.2.5 NOTE
r-release-windows-ix86+x86_64 1.2.5 6.00 43.00 49.00 NOTE
r-oldrel-osx-x86_64 1.2.5 NOTE
r-oldrel-windows-ix86+x86_64 1.2.5 5.00 62.00 67.00 NOTE

Check Details

Version: 1.2.5
Check: dependencies in R code
Result: NOTE
    Missing or unexported object: 'limma::ebayes'
Flavors: r-devel-linux-x86_64-debian-clang, r-devel-linux-x86_64-debian-gcc, r-devel-linux-x86_64-fedora-clang, r-devel-linux-x86_64-fedora-gcc, r-devel-windows-ix86+x86_64, r-patched-linux-x86_64, r-patched-solaris-x86, r-release-linux-x86_64, r-release-osx-x86_64, r-release-windows-ix86+x86_64, r-oldrel-windows-ix86+x86_64

Version: 1.2.5
Check: package dependencies
Result: NOTE
    Packages suggested but not available for checking: 'limma', 'samr'
Flavor: r-oldrel-osx-x86_64