CRAN Package Check Results for Package ssym

Last updated on 2022-09-26 00:50:43 CEST.

Flavor Version Tinstall Tcheck Ttotal Status Flags
r-devel-linux-x86_64-debian-clang 1.5.7 18.11 109.20 127.31 NOTE
r-devel-linux-x86_64-debian-gcc 1.5.7 14.93 80.87 95.80 NOTE
r-devel-linux-x86_64-fedora-clang 1.5.7 162.34 NOTE
r-devel-linux-x86_64-fedora-gcc 1.5.7 158.88 NOTE
r-devel-windows-x86_64 1.5.7 24.00 129.00 153.00 NOTE
r-patched-linux-x86_64 1.5.7 16.41 104.86 121.27 OK
r-release-linux-x86_64 1.5.7 14.04 101.86 115.90 OK
r-release-macos-arm64 1.5.7 38.00 OK
r-release-macos-x86_64 1.5.7 58.00 OK
r-release-windows-x86_64 1.5.7 23.00 134.00 157.00 OK
r-oldrel-macos-arm64 1.5.7 49.00 OK
r-oldrel-macos-x86_64 1.5.7 85.00 OK
r-oldrel-windows-ix86+x86_64 1.5.7 31.00 128.00 159.00 OK

Check Details

Version: 1.5.7
Check: Rd files
Result: NOTE
    checkRd: (-1) Snacks.Rd:6: Escaped LaTeX specials: \~
Flavors: r-devel-linux-x86_64-debian-clang, r-devel-linux-x86_64-debian-gcc, r-devel-linux-x86_64-fedora-clang, r-devel-linux-x86_64-fedora-gcc, r-devel-windows-x86_64