CRAN Package Check Results for Package sstModel

Last updated on 2020-10-30 07:50:08 CET.

Flavor Version Tinstall Tcheck Ttotal Status Flags
r-devel-linux-x86_64-debian-clang 1.0.0 16.72 113.94 130.66 OK
r-devel-linux-x86_64-debian-gcc 1.0.0 12.97 84.37 97.34 OK
r-devel-linux-x86_64-fedora-clang 1.0.0 140.20 NOTE
r-devel-linux-x86_64-fedora-gcc 1.0.0 151.87 NOTE
r-devel-windows-ix86+x86_64 1.0.0 26.00 134.00 160.00 OK
r-patched-linux-x86_64 1.0.0 14.24 104.79 119.03 OK
r-patched-solaris-x86 1.0.0 183.00 NOTE
r-release-linux-x86_64 1.0.0 15.51 103.81 119.32 OK
r-release-macos-x86_64 1.0.0 NOTE
r-release-windows-ix86+x86_64 1.0.0 20.00 138.00 158.00 OK
r-oldrel-macos-x86_64 1.0.0 NOTE
r-oldrel-windows-ix86+x86_64 1.0.0 24.00 130.00 154.00 OK

Check Details

Version: 1.0.0
Check: dependencies in R code
Result: NOTE
    Namespace in Imports field not imported from: ‘shinydashboard’
     All declared Imports should be used.
Flavors: r-devel-linux-x86_64-fedora-clang, r-devel-linux-x86_64-fedora-gcc, r-patched-solaris-x86, r-release-macos-x86_64, r-oldrel-macos-x86_64