CRAN Package Check Results for Package ssr

Last updated on 2024-02-26 21:53:05 CET.

Flavor Version Tinstall Tcheck Ttotal Status Flags
r-devel-linux-x86_64-debian-clang 0.1.1 2.95 91.11 94.06 OK
r-devel-linux-x86_64-debian-gcc 0.1.1 2.15 64.90 67.05 OK
r-devel-linux-x86_64-fedora-clang 0.1.1 115.23 NOTE
r-devel-linux-x86_64-fedora-gcc 0.1.1 121.47 NOTE
r-devel-windows-x86_64 0.1.1 4.00 79.00 83.00 OK
r-patched-linux-x86_64 0.1.1 2.16 86.38 88.54 OK
r-release-linux-x86_64 0.1.1 1.90 86.46 88.36 OK
r-release-macos-arm64 0.1.1 43.00 OK
r-release-macos-x86_64 0.1.1 67.00 OK
r-release-windows-x86_64 0.1.1 5.00 99.00 104.00 OK
r-oldrel-macos-arm64 0.1.1 34.00 NOTE
r-oldrel-windows-x86_64 0.1.1 5.00 103.00 108.00 OK

Check Details

Version: 0.1.1
Check: dependencies in R code
Result: NOTE Namespace in Imports field not imported from: ‘e1071’ All declared Imports should be used. Flavors: r-devel-linux-x86_64-fedora-clang, r-devel-linux-x86_64-fedora-gcc, r-oldrel-macos-arm64