CRAN Package Check Results for Package ssr

Last updated on 2023-02-03 00:51:16 CET.

Flavor Version Tinstall Tcheck Ttotal Status Flags
r-devel-linux-x86_64-debian-clang 0.1.1 2.96 89.51 92.47 OK
r-devel-linux-x86_64-debian-gcc 0.1.1 2.08 64.59 66.67 OK
r-devel-linux-x86_64-fedora-clang 0.1.1 110.35 NOTE
r-devel-linux-x86_64-fedora-gcc 0.1.1 121.72 NOTE
r-patched-linux-x86_64 0.1.1 2.82 85.67 88.49 OK
r-release-linux-x86_64 0.1.1 2.58 87.04 89.62 OK
r-release-macos-arm64 0.1.1 34.00 NOTE
r-release-macos-x86_64 0.1.1 54.00 NOTE
r-release-windows-x86_64 0.1.1 9.00 122.00 131.00 OK
r-oldrel-macos-arm64 0.1.1 36.00 NOTE
r-oldrel-macos-x86_64 0.1.1 62.00 NOTE
r-oldrel-windows-ix86+x86_64 0.1.1 8.00 123.00 131.00 OK

Check Details

Version: 0.1.1
Check: dependencies in R code
Result: NOTE
    Namespace in Imports field not imported from: ‘e1071’
     All declared Imports should be used.
Flavors: r-devel-linux-x86_64-fedora-clang, r-devel-linux-x86_64-fedora-gcc, r-release-macos-arm64, r-release-macos-x86_64, r-oldrel-macos-arm64, r-oldrel-macos-x86_64