CRAN Package Check Results for Package ssh

Last updated on 2022-09-29 19:49:08 CEST.

Flavor Version Tinstall Tcheck Ttotal Status Flags
r-devel-linux-x86_64-debian-clang 0.8.1 4.94 29.44 34.38 OK
r-devel-linux-x86_64-debian-gcc 0.8.1 4.05 22.98 27.03 OK
r-devel-linux-x86_64-fedora-clang 0.8.1 55.73 OK
r-devel-linux-x86_64-fedora-gcc 0.8.1 56.53 OK
r-devel-windows-x86_64 0.8.1 24.00 89.00 113.00 OK
r-patched-linux-x86_64 0.8.1 4.65 27.74 32.39 OK
r-release-linux-x86_64 0.8.1 4.46 27.88 32.34 OK
r-release-macos-arm64 0.8.1 21.00 OK
r-release-macos-x86_64 0.8.1 29.00 OK
r-release-windows-x86_64 0.8.1 25.00 92.00 117.00 OK
r-oldrel-macos-arm64 0.8.1 30.00 OK
r-oldrel-macos-x86_64 0.8.1 37.00 OK
r-oldrel-windows-ix86+x86_64 0.8.1 34.00 87.00 121.00 NOTE

Check Details

Version: 0.8.1
Check: installed package size
Result: NOTE
     installed size is 6.6Mb
     sub-directories of 1Mb or more:
     libs 5.6Mb
Flavor: r-oldrel-windows-ix86+x86_64