CRAN Package Check Results for Package ssMousetrack

Last updated on 2022-08-14 18:49:26 CEST.

Flavor Version Tinstall Tcheck Ttotal Status Flags
r-devel-linux-x86_64-debian-clang 1.1.5 524.47 118.57 643.04 NOTE
r-devel-linux-x86_64-debian-gcc 1.1.5 446.95 105.39 552.34 NOTE
r-devel-linux-x86_64-fedora-clang 1.1.5 933.22 NOTE
r-devel-linux-x86_64-fedora-gcc 1.1.5 913.10 NOTE
r-devel-windows-x86_64 1.1.5 313.00 189.00 502.00 NOTE
r-patched-linux-x86_64 1.1.5 354.46 134.80 489.26 NOTE
r-release-linux-x86_64 1.1.5 381.16 138.17 519.33 NOTE
r-release-macos-arm64 1.1.5 226.00 NOTE
r-release-macos-x86_64 1.1.5 346.00 NOTE
r-release-windows-x86_64 1.1.5 706.00 202.00 908.00 NOTE
r-oldrel-macos-arm64 1.1.5 251.00 NOTE
r-oldrel-macos-x86_64 1.1.5 434.00 NOTE
r-oldrel-windows-ix86+x86_64 1.1.5 315.00 10.00 325.00 ERROR

Check Details

Version: 1.1.5
Check: for GNU extensions in Makefiles
Result: NOTE
    GNU make is a SystemRequirements.
Flavors: r-devel-linux-x86_64-debian-clang, r-devel-linux-x86_64-debian-gcc, r-devel-linux-x86_64-fedora-clang, r-devel-linux-x86_64-fedora-gcc, r-devel-windows-x86_64, r-patched-linux-x86_64, r-release-linux-x86_64, r-release-macos-arm64, r-release-macos-x86_64, r-release-windows-x86_64, r-oldrel-macos-arm64, r-oldrel-macos-x86_64

Version: 1.1.5
Check: installed package size
Result: NOTE
     installed size is 59.6Mb
     sub-directories of 1Mb or more:
     libs 59.2Mb
Flavors: r-devel-linux-x86_64-fedora-clang, r-release-macos-arm64, r-release-macos-x86_64, r-oldrel-macos-arm64, r-oldrel-macos-x86_64

Version: 1.1.5
Check: whether package can be installed
Result: ERROR
    Installation failed.
Flavor: r-oldrel-windows-ix86+x86_64