CRAN Package Check Results for Package squid

Last updated on 2022-08-14 06:51:58 CEST.

Flavor Version Tinstall Tcheck Ttotal Status Flags
r-devel-linux-x86_64-debian-clang 0.2.1 5.38 42.49 47.87 OK
r-devel-linux-x86_64-debian-gcc 0.2.1 4.20 31.36 35.56 OK
r-devel-linux-x86_64-fedora-clang 0.2.1 67.41 NOTE
r-devel-linux-x86_64-fedora-gcc 0.2.1 63.71 NOTE
r-devel-windows-x86_64 0.2.1 314.00 65.00 379.00 NOTE
r-patched-linux-x86_64 0.2.1 5.34 39.96 45.30 OK
r-release-linux-x86_64 0.2.1 5.01 39.33 44.34 OK
r-release-macos-arm64 0.2.1 25.00 NOTE
r-release-macos-x86_64 0.2.1 35.00 NOTE
r-release-windows-x86_64 0.2.1 217.00 72.00 289.00 NOTE
r-oldrel-macos-arm64 0.2.1 22.00 NOTE
r-oldrel-macos-x86_64 0.2.1 29.00 NOTE
r-oldrel-windows-ix86+x86_64 0.2.1 14.00 61.00 75.00 NOTE

Check Details

Version: 0.2.1
Check: installed package size
Result: NOTE
     installed size is 5.8Mb
     sub-directories of 1Mb or more:
     shiny-squid 5.6Mb
Flavors: r-devel-linux-x86_64-fedora-clang, r-devel-windows-x86_64, r-release-macos-arm64, r-release-macos-x86_64, r-release-windows-x86_64, r-oldrel-macos-arm64, r-oldrel-macos-x86_64, r-oldrel-windows-ix86+x86_64

Version: 0.2.1
Check: dependencies in R code
Result: NOTE
    Namespaces in Imports field not imported from:
     ‘arm’ ‘brms’ ‘lme4’ ‘plotly’ ‘shinyMatrix’
     All declared Imports should be used.
Flavors: r-devel-linux-x86_64-fedora-clang, r-devel-linux-x86_64-fedora-gcc, r-release-macos-arm64, r-release-macos-x86_64, r-oldrel-macos-arm64, r-oldrel-macos-x86_64