CRAN Package Check Results for Package sqliteutils

Last updated on 2022-10-01 01:49:18 CEST.

Flavor Version Tinstall Tcheck Ttotal Status Flags
r-devel-linux-x86_64-debian-clang 0.1.0 2.18 27.49 29.67 OK
r-devel-linux-x86_64-debian-gcc 0.1.0 1.65 20.96 22.61 OK
r-devel-linux-x86_64-fedora-clang 0.1.0 47.99 NOTE
r-devel-linux-x86_64-fedora-gcc 0.1.0 44.86 NOTE
r-devel-windows-x86_64 0.1.0 11.00 56.00 67.00 OK
r-patched-linux-x86_64 0.1.0 2.06 25.81 27.87 OK
r-release-linux-x86_64 0.1.0 2.07 25.80 27.87 OK
r-release-macos-arm64 0.1.0 17.00 NOTE
r-release-macos-x86_64 0.1.0 34.00 NOTE
r-release-windows-x86_64 0.1.0 13.00 51.00 64.00 OK
r-oldrel-macos-arm64 0.1.0 18.00 NOTE
r-oldrel-macos-x86_64 0.1.0 21.00 NOTE
r-oldrel-windows-ix86+x86_64 0.1.0 6.00 51.00 57.00 OK

Check Details

Version: 0.1.0
Check: dependencies in R code
Result: NOTE
    Namespaces in Imports field not imported from:
     ‘DBI’ ‘RSQLite’ ‘dbplyr’ ‘dplyr’
     All declared Imports should be used.
Flavors: r-devel-linux-x86_64-fedora-clang, r-devel-linux-x86_64-fedora-gcc, r-release-macos-arm64, r-release-macos-x86_64, r-oldrel-macos-arm64, r-oldrel-macos-x86_64