CRAN Package Check Results for Package spsurv

Last updated on 2022-09-27 12:53:05 CEST.

Flavor Version Tinstall Tcheck Ttotal Status Flags
r-devel-linux-x86_64-debian-clang 1.0.0 279.68 248.02 527.70 NOTE
r-devel-linux-x86_64-debian-gcc 1.0.0 242.48 192.47 434.95 NOTE
r-devel-linux-x86_64-fedora-clang 1.0.0 635.92 NOTE
r-devel-linux-x86_64-fedora-gcc 1.0.0 736.32 NOTE
r-devel-windows-x86_64 1.0.0 183.00 313.00 496.00 NOTE
r-patched-linux-x86_64 1.0.0 230.02 253.33 483.35 NOTE
r-release-linux-x86_64 1.0.0 192.70 249.02 441.72 NOTE
r-release-macos-arm64 1.0.0 191.00 NOTE
r-release-macos-x86_64 1.0.0 308.00 NOTE
r-release-windows-x86_64 1.0.0 182.00 317.00 499.00 NOTE
r-oldrel-macos-arm64 1.0.0 271.00 NOTE
r-oldrel-macos-x86_64 1.0.0 357.00 NOTE
r-oldrel-windows-ix86+x86_64 1.0.0 485.00 18.00 503.00 ERROR

Check Details

Version: 1.0.0
Check: LazyData
Result: NOTE
     'LazyData' is specified without a 'data' directory
Flavors: r-devel-linux-x86_64-debian-clang, r-devel-linux-x86_64-debian-gcc, r-devel-linux-x86_64-fedora-clang, r-devel-linux-x86_64-fedora-gcc, r-devel-windows-x86_64, r-patched-linux-x86_64, r-release-linux-x86_64, r-release-macos-arm64, r-release-macos-x86_64, r-release-windows-x86_64, r-oldrel-macos-arm64, r-oldrel-macos-x86_64

Version: 1.0.0
Check: for GNU extensions in Makefiles
Result: NOTE
    GNU make is a SystemRequirements.
Flavors: r-devel-linux-x86_64-debian-clang, r-devel-linux-x86_64-debian-gcc, r-devel-linux-x86_64-fedora-clang, r-devel-linux-x86_64-fedora-gcc, r-devel-windows-x86_64, r-patched-linux-x86_64, r-release-linux-x86_64, r-release-macos-arm64, r-release-macos-x86_64, r-release-windows-x86_64, r-oldrel-macos-arm64, r-oldrel-macos-x86_64

Version: 1.0.0
Check: installed package size
Result: NOTE
     installed size is 5.3Mb
     sub-directories of 1Mb or more:
     doc 1.5Mb
     libs 3.4Mb
Flavors: r-devel-linux-x86_64-fedora-clang, r-release-macos-arm64, r-release-macos-x86_64, r-oldrel-macos-arm64, r-oldrel-macos-x86_64

Version: 1.0.0
Check: dependencies in R code
Result: NOTE
    Namespace in Imports field not imported from: ‘rstantools’
     All declared Imports should be used.
Flavors: r-devel-linux-x86_64-fedora-clang, r-devel-linux-x86_64-fedora-gcc, r-release-macos-arm64, r-release-macos-x86_64, r-oldrel-macos-arm64, r-oldrel-macos-x86_64

Version: 1.0.0
Check: whether package can be installed
Result: ERROR
    Installation failed.
Flavor: r-oldrel-windows-ix86+x86_64