CRAN Package Check Results for Package spotGUI

Last updated on 2022-08-15 01:51:05 CEST.

Flavor Version Tinstall Tcheck Ttotal Status Flags
r-devel-linux-x86_64-debian-clang 0.2.3 17.68 161.37 179.05 OK
r-devel-linux-x86_64-debian-gcc 0.2.3 12.00 118.91 130.91 OK
r-devel-linux-x86_64-fedora-clang 0.2.3 228.52 NOTE
r-devel-linux-x86_64-fedora-gcc 0.2.3 213.17 NOTE
r-devel-windows-x86_64 0.2.3 28.00 287.00 315.00 OK
r-patched-linux-x86_64 0.2.3 18.07 151.71 169.78 OK
r-release-linux-x86_64 0.2.3 15.98 153.66 169.64 OK
r-release-macos-arm64 0.2.3 68.00 NOTE
r-release-macos-x86_64 0.2.3 112.00 NOTE
r-release-windows-x86_64 0.2.3 43.00 191.00 234.00 OK
r-oldrel-macos-arm64 0.2.3 94.00 NOTE
r-oldrel-macos-x86_64 0.2.3 126.00 NOTE
r-oldrel-windows-ix86+x86_64 0.2.3 44.00 167.00 211.00 OK

Check Details

Version: 0.2.3
Check: dependencies in R code
Result: NOTE
    Namespace in Imports field not imported from: ‘batchtools’
     All declared Imports should be used.
Flavors: r-devel-linux-x86_64-fedora-clang, r-devel-linux-x86_64-fedora-gcc, r-release-macos-arm64, r-release-macos-x86_64, r-oldrel-macos-arm64, r-oldrel-macos-x86_64