CRAN Package Check Results for Package spm

Last updated on 2022-09-27 00:51:16 CEST.

Flavor Version Tinstall Tcheck Ttotal Status Flags
r-devel-linux-x86_64-debian-clang 1.2.2 8.10 47.51 55.61 OK
r-devel-linux-x86_64-debian-gcc 1.2.2 6.86 36.82 43.68 OK
r-devel-linux-x86_64-fedora-clang 1.2.2 81.66 NOTE
r-devel-linux-x86_64-fedora-gcc 1.2.2 82.04 NOTE
r-devel-windows-x86_64 1.2.2 24.00 86.00 110.00 OK
r-patched-linux-x86_64 1.2.2 7.95 44.73 52.68 OK
r-release-linux-x86_64 1.2.2 6.55 44.41 50.96 OK
r-release-macos-arm64 1.2.2 23.00 NOTE
r-release-macos-x86_64 1.2.2 38.00 NOTE
r-release-windows-x86_64 1.2.2 23.00 85.00 108.00 OK
r-oldrel-macos-arm64 1.2.2 21.00 NOTE
r-oldrel-macos-x86_64 1.2.2 35.00 NOTE
r-oldrel-windows-ix86+x86_64 1.2.2 19.00 71.00 90.00 OK

Check Details

Version: 1.2.2
Check: dependencies in R code
Result: NOTE
    Namespace in Imports field not imported from: ‘biomod2’
     All declared Imports should be used.
Flavors: r-devel-linux-x86_64-fedora-clang, r-devel-linux-x86_64-fedora-gcc, r-release-macos-arm64, r-release-macos-x86_64, r-oldrel-macos-arm64, r-oldrel-macos-x86_64