Last updated on 2025-01-18 12:57:06 CET.
Flavor | Version | Tinstall | Tcheck | Ttotal | Status | Flags |
---|---|---|---|---|---|---|
r-devel-linux-x86_64-debian-clang | 0.5.3 | 26.94 | 47.02 | 73.96 | OK | |
r-devel-linux-x86_64-debian-gcc | 0.5.3 | 20.97 | 36.38 | 57.35 | OK | |
r-devel-linux-x86_64-fedora-clang | 0.5.3 | 134.86 | OK | |||
r-devel-linux-x86_64-fedora-gcc | 0.5.3 | 156.24 | OK | |||
r-devel-windows-x86_64 | 0.5.3 | 34.00 | 95.00 | 129.00 | OK | |
r-patched-linux-x86_64 | 0.5.3 | 27.06 | 45.36 | 72.42 | OK | |
r-release-linux-x86_64 | 0.5.3 | 27.26 | 45.76 | 73.02 | OK | |
r-release-macos-arm64 | 0.5.3 | 52.00 | NOTE | |||
r-release-macos-x86_64 | 0.5.3 | 117.00 | NOTE | |||
r-release-windows-x86_64 | 0.5.3 | 32.00 | 87.00 | 119.00 | OK | |
r-oldrel-macos-arm64 | 0.5.3 | 65.00 | NOTE | |||
r-oldrel-macos-x86_64 | 0.5.3 | 84.00 | NOTE | |||
r-oldrel-windows-x86_64 | 0.5.3 | 36.00 | 100.00 | 136.00 | OK |
Version: 0.5.3
Check: installed package size
Result: NOTE
installed size is 5.1Mb
sub-directories of 1Mb or more:
doc 1.2Mb
libs 3.3Mb
Flavors: r-release-macos-arm64, r-release-macos-x86_64, r-oldrel-macos-arm64, r-oldrel-macos-x86_64