CRAN Package Check Results for Package spinBayes

Last updated on 2020-05-29 07:54:09 CEST.

Flavor Version Tinstall Tcheck Ttotal Status Flags
r-devel-linux-x86_64-debian-clang 0.1.0 130.96 41.04 172.00 OK
r-devel-linux-x86_64-debian-gcc 0.1.0 97.06 31.15 128.21 OK
r-devel-linux-x86_64-fedora-clang 0.1.0 241.27 NOTE
r-devel-linux-x86_64-fedora-gcc 0.1.0 224.50 NOTE
r-devel-windows-ix86+x86_64 0.1.0 300.00 107.00 407.00 OK
r-patched-linux-x86_64 0.1.0 103.40 40.75 144.15 OK
r-patched-solaris-x86 0.1.0 188.60 NOTE
r-release-linux-x86_64 0.1.0 101.14 40.75 141.89 OK
r-release-osx-x86_64 0.1.0 NOTE
r-release-windows-ix86+x86_64 0.1.0 228.00 113.00 341.00 OK
r-oldrel-osx-x86_64 0.1.0 NOTE
r-oldrel-windows-ix86+x86_64 0.1.0 229.00 82.00 311.00 OK

Check Details

Version: 0.1.0
Check: installed package size
Result: NOTE
     installed size is 8.1Mb
     sub-directories of 1Mb or more:
     libs 7.5Mb
Flavors: r-devel-linux-x86_64-fedora-clang, r-release-osx-x86_64, r-oldrel-osx-x86_64

Version: 0.1.0
Check: dependencies in R code
Result: NOTE
    Namespace in Imports field not imported from: ‘MASS’
     All declared Imports should be used.
Flavors: r-devel-linux-x86_64-fedora-clang, r-devel-linux-x86_64-fedora-gcc, r-patched-solaris-x86, r-release-osx-x86_64, r-oldrel-osx-x86_64