CRAN Package Check Results for Package sphet

Last updated on 2022-08-17 06:51:29 CEST.

Flavor Version Tinstall Tcheck Ttotal Status Flags
r-devel-linux-x86_64-debian-clang 2.0 44.77 419.33 464.10 OK
r-devel-linux-x86_64-debian-gcc 2.0 OK
r-devel-linux-x86_64-fedora-clang 2.0 587.47 NOTE
r-devel-linux-x86_64-fedora-gcc 2.0 593.49 NOTE
r-devel-windows-x86_64 2.0 49.00 440.00 489.00 OK
r-patched-linux-x86_64 2.0 46.16 400.91 447.07 OK
r-release-linux-x86_64 2.0 44.79 400.41 445.20 OK
r-release-macos-arm64 2.0 132.00 NOTE
r-release-macos-x86_64 2.0 192.00 NOTE
r-release-windows-x86_64 2.0 41.00 443.00 484.00 OK
r-oldrel-macos-arm64 2.0 115.00 NOTE
r-oldrel-macos-x86_64 2.0 187.00 NOTE
r-oldrel-windows-ix86+x86_64 2.0 92.00 447.00 539.00 WARN

Check Details

Version: 2.0
Check: dependencies in R code
Result: NOTE
    Namespaces in Imports field not imported from:
     ‘sf’ ‘spData’
     All declared Imports should be used.
Flavors: r-devel-linux-x86_64-fedora-clang, r-devel-linux-x86_64-fedora-gcc, r-release-macos-arm64, r-release-macos-x86_64, r-oldrel-macos-arm64, r-oldrel-macos-x86_64

Version: 2.0
Check: S3 generic/method consistency
Result: WARN
    Error: package or namespace load failed for 'sphet':
     .onLoad failed in loadNamespace() for 'sf', details:
     call: CPL_gdal_init()
     error: Unrecoverable GDAL error
    
    Call sequence:
    6: stop(msg, call. = FALSE, domain = NA)
    5: value[[3L]](cond)
    4: tryCatchOne(expr, names, parentenv, handlers[[1L]])
    3: tryCatchList(expr, classes, parentenv, handlers)
    2: tryCatch({
     attr(package, "LibPath") <- which.lib.loc
     ns <- loadNamespace(package, lib.loc)
     env <- attachNamespace(ns, pos = pos, deps, exclude, include.only)
     }, error = function(e) {
     P <- if (!is.null(cc <- conditionCall(e)))
     paste(" in", deparse(cc)[1L])
     else ""
     msg <- gettextf("package or namespace load failed for %s%s:\n %s",
     sQuote(package), P, conditionMessage(e))
     if (logical.return && !quietly)
     message(paste("Error:", msg), domain = NA)
     else stop(msg, call. = FALSE, domain = NA)
     })
    1: library(package, lib.loc = lib.loc, character.only =
    Execution halted
    See section 'Generic functions and methods' in the 'Writing R
    Extensions' manual.
Flavor: r-oldrel-windows-ix86+x86_64