CRAN Package Check Results for Package spectralGraphTopology

Last updated on 2022-08-10 01:49:21 CEST.

Flavor Version Tinstall Tcheck Ttotal Status Flags
r-devel-linux-x86_64-debian-clang 0.2.3 62.25 86.10 148.35 OK
r-devel-linux-x86_64-debian-gcc 0.2.3 47.78 64.95 112.73 OK
r-devel-linux-x86_64-fedora-clang 0.2.3 216.01 NOTE
r-devel-linux-x86_64-fedora-gcc 0.2.3 196.61 OK
r-devel-windows-x86_64 0.2.3 155.00 136.00 291.00 OK
r-patched-linux-x86_64 0.2.3 51.89 80.99 132.88 OK
r-release-linux-x86_64 0.2.3 OK
r-release-macos-arm64 0.2.3 52.00 NOTE
r-release-macos-x86_64 0.2.3 76.00 NOTE
r-release-windows-x86_64 0.2.3 160.00 136.00 296.00 OK
r-oldrel-macos-arm64 0.2.3 47.00 NOTE
r-oldrel-macos-x86_64 0.2.3 71.00 NOTE
r-oldrel-windows-ix86+x86_64 0.2.3 151.00 169.00 320.00 NOTE

Check Details

Version: 0.2.3
Check: installed package size
Result: NOTE
     installed size is 6.2Mb
     sub-directories of 1Mb or more:
     doc 3.1Mb
     libs 2.7Mb
Flavors: r-devel-linux-x86_64-fedora-clang, r-release-macos-arm64, r-release-macos-x86_64, r-oldrel-macos-arm64, r-oldrel-macos-x86_64, r-oldrel-windows-ix86+x86_64