CRAN Package Check Results for Package spectralGraphTopology

Last updated on 2020-05-30 13:51:38 CEST.

Flavor Version Tinstall Tcheck Ttotal Status Flags
r-devel-linux-x86_64-debian-clang 0.2.0 57.37 56.29 113.66 OK
r-devel-linux-x86_64-debian-gcc 0.2.0 39.44 42.74 82.18 OK
r-devel-linux-x86_64-fedora-clang 0.2.0 142.49 NOTE
r-devel-linux-x86_64-fedora-gcc 0.2.0 131.60 OK
r-devel-windows-ix86+x86_64 0.2.0 137.00 149.00 286.00 NOTE
r-patched-linux-x86_64 0.2.0 40.24 54.07 94.31 OK
r-patched-solaris-x86 0.2.0 140.40 OK
r-release-linux-x86_64 0.2.0 44.63 55.66 100.29 OK
r-release-osx-x86_64 0.2.0 NOTE
r-release-windows-ix86+x86_64 0.2.0 112.00 193.00 305.00 NOTE
r-oldrel-osx-x86_64 0.2.0 NOTE
r-oldrel-windows-ix86+x86_64 0.2.0 105.00 99.00 204.00 NOTE

Check Details

Version: 0.2.0
Check: installed package size
Result: NOTE
     installed size is 6.4Mb
     sub-directories of 1Mb or more:
     doc 3.1Mb
     libs 2.9Mb
Flavors: r-devel-linux-x86_64-fedora-clang, r-devel-windows-ix86+x86_64, r-release-osx-x86_64, r-release-windows-ix86+x86_64, r-oldrel-osx-x86_64, r-oldrel-windows-ix86+x86_64