Last updated on 2023-02-03 00:51:16 CET.
Flavor | Version | Tinstall | Tcheck | Ttotal | Status | Flags |
---|---|---|---|---|---|---|
r-devel-linux-x86_64-debian-clang | 0.0.1.7 | 53.84 | 32.87 | 86.71 | NOTE | |
r-devel-linux-x86_64-debian-gcc | 0.0.1.7 | 38.55 | 25.54 | 64.09 | NOTE | |
r-devel-linux-x86_64-fedora-clang | 0.0.1.7 | 131.02 | NOTE | |||
r-devel-linux-x86_64-fedora-gcc | 0.0.1.7 | 119.38 | NOTE | |||
r-patched-linux-x86_64 | 0.0.1.7 | 39.86 | 33.07 | 72.93 | NOTE | |
r-release-linux-x86_64 | 0.0.1.7 | 38.70 | 33.97 | 72.67 | NOTE | |
r-release-macos-arm64 | 0.0.1.7 | 33.00 | NOTE | |||
r-release-macos-x86_64 | 0.0.1.7 | 45.00 | NOTE | |||
r-release-windows-x86_64 | 0.0.1.7 | 55.00 | 93.00 | 148.00 | NOTE | |
r-oldrel-macos-arm64 | 0.0.1.7 | 35.00 | NOTE | |||
r-oldrel-macos-x86_64 | 0.0.1.7 | 53.00 | NOTE | |||
r-oldrel-windows-ix86+x86_64 | 0.0.1.7 | 130.00 | 93.00 | 223.00 | NOTE |
Version: 0.0.1.7
Check: package subdirectories
Result: NOTE
Problems with news in ‘NEWS.md’:
Cannot extract version info from the following section titles:
Roadmap of specklestar package
Flavors: r-devel-linux-x86_64-debian-clang, r-devel-linux-x86_64-debian-gcc, r-devel-linux-x86_64-fedora-clang, r-devel-linux-x86_64-fedora-gcc
Version: 0.0.1.7
Check: LazyData
Result: NOTE
'LazyData' is specified without a 'data' directory
Flavors: r-devel-linux-x86_64-debian-clang, r-devel-linux-x86_64-debian-gcc, r-devel-linux-x86_64-fedora-clang, r-devel-linux-x86_64-fedora-gcc, r-patched-linux-x86_64, r-release-linux-x86_64, r-release-macos-arm64, r-release-macos-x86_64, r-release-windows-x86_64, r-oldrel-macos-arm64, r-oldrel-macos-x86_64, r-oldrel-windows-ix86+x86_64
Version: 0.0.1.7
Check: installed package size
Result: NOTE
installed size is 5.4Mb
sub-directories of 1Mb or more:
libs 3.7Mb
Flavor: r-oldrel-windows-ix86+x86_64