CRAN Package Check Results for Package spcosa

Last updated on 2020-05-28 07:48:08 CEST.

Flavor Version Tinstall Tcheck Ttotal Status Flags
r-devel-linux-x86_64-debian-clang 0.3-9 12.10 208.90 221.00 OK
r-devel-linux-x86_64-debian-gcc 0.3-9 9.24 153.60 162.84 OK
r-devel-linux-x86_64-fedora-clang 0.3-9 240.61 OK
r-devel-linux-x86_64-fedora-gcc 0.3-9 256.86 OK
r-devel-windows-ix86+x86_64 0.3-9 35.00 265.00 300.00 OK
r-patched-linux-x86_64 0.3-9 10.59 203.21 213.80 OK
r-patched-solaris-x86 0.3-9 345.50 OK
r-release-linux-x86_64 0.3-9 12.58 201.16 213.74 OK
r-release-osx-x86_64 0.3-9 FAIL
r-release-windows-ix86+x86_64 0.3-9 31.00 287.00 318.00 OK
r-oldrel-osx-x86_64 0.3-9 OK
r-oldrel-windows-ix86+x86_64 0.3-9 19.00 201.00 220.00 OK

Check Details

Version: 0.3-9
Check: PDF version of manual
Result: FAIL
Flavor: r-release-osx-x86_64