Last updated on 2022-08-14 06:51:58 CEST.
Flavor | Version | Tinstall | Tcheck | Ttotal | Status | Flags |
---|---|---|---|---|---|---|
r-devel-linux-x86_64-debian-clang | 2.4-0 | 74.62 | 393.96 | 468.58 | OK | |
r-devel-linux-x86_64-debian-gcc | 2.4-0 | 55.46 | 292.82 | 348.28 | OK | |
r-devel-linux-x86_64-fedora-clang | 2.4-0 | 534.11 | OK | |||
r-devel-linux-x86_64-fedora-gcc | 2.4-0 | 526.92 | OK | |||
r-devel-windows-x86_64 | 2.4-0 | 646.00 | 503.00 | 1149.00 | OK | |
r-patched-linux-x86_64 | 2.4-0 | 83.17 | 367.67 | 450.84 | OK | |
r-release-linux-x86_64 | 2.4-0 | 58.39 | 369.26 | 427.65 | OK | |
r-release-macos-arm64 | 2.4-0 | 141.00 | NOTE | |||
r-release-macos-x86_64 | 2.4-0 | 177.00 | OK | |||
r-release-windows-x86_64 | 2.4-0 | 390.00 | 473.00 | 863.00 | OK | |
r-oldrel-macos-arm64 | 2.4-0 | 115.00 | NOTE | |||
r-oldrel-macos-x86_64 | 2.4-0 | 188.00 | OK | |||
r-oldrel-windows-ix86+x86_64 | 2.4-0 | 145.00 | 665.00 | 810.00 | OK |
Version: 2.4-0
Check: installed package size
Result: NOTE
installed size is 6.0Mb
sub-directories of 1Mb or more:
R 2.1Mb
help 2.8Mb
Flavors: r-release-macos-arm64, r-oldrel-macos-arm64