Last updated on 2022-08-12 00:50:00 CEST.
Flavor | Version | Tinstall | Tcheck | Ttotal | Status | Flags |
---|---|---|---|---|---|---|
r-devel-linux-x86_64-debian-clang | 2.4-4 | 88.31 | 824.90 | 913.21 | NOTE | |
r-devel-linux-x86_64-debian-gcc | 2.4-4 | 70.70 | 596.22 | 666.92 | NOTE | |
r-devel-linux-x86_64-fedora-clang | 2.4-4 | 1076.07 | NOTE | |||
r-devel-linux-x86_64-fedora-gcc | 2.4-4 | 1044.34 | NOTE | |||
r-devel-windows-x86_64 | 2.4-4 | 664.00 | 239.00 | 903.00 | NOTE | --no-examples --no-tests --no-vignettes |
r-patched-linux-x86_64 | 2.4-4 | 114.70 | 778.57 | 893.27 | NOTE | |
r-release-linux-x86_64 | 2.4-4 | 71.36 | 773.36 | 844.72 | NOTE | |
r-release-macos-arm64 | 2.4-4 | 313.00 | NOTE | |||
r-release-macos-x86_64 | 2.4-4 | 380.00 | NOTE | |||
r-release-windows-x86_64 | 2.4-4 | 772.00 | 231.00 | 1003.00 | NOTE | --no-examples --no-tests --no-vignettes |
r-oldrel-macos-arm64 | 2.4-4 | 275.00 | NOTE | |||
r-oldrel-macos-x86_64 | 2.4-4 | 373.00 | NOTE | |||
r-oldrel-windows-ix86+x86_64 | 2.4-4 | 170.00 | 256.00 | 426.00 | NOTE | --no-examples --no-tests --no-vignettes |
Version: 2.4-4
Check: package dependencies
Result: NOTE
Package suggested but not available for checking: 'RandomFields'
Flavors: r-devel-linux-x86_64-debian-clang, r-devel-linux-x86_64-debian-gcc, r-devel-linux-x86_64-fedora-clang, r-devel-linux-x86_64-fedora-gcc, r-patched-linux-x86_64, r-release-linux-x86_64
Version: 2.4-4
Check: Rd cross-references
Result: NOTE
Unknown package 'RandomFields' in Rd xrefs
Flavors: r-devel-linux-x86_64-debian-clang, r-devel-linux-x86_64-debian-gcc, r-devel-linux-x86_64-fedora-clang, r-devel-linux-x86_64-fedora-gcc, r-patched-linux-x86_64, r-release-linux-x86_64
Version: 2.4-4
Check: installed package size
Result: NOTE
installed size is 6.3Mb
sub-directories of 1Mb or more:
R 3.0Mb
help 2.8Mb
Flavors: r-devel-linux-x86_64-fedora-clang, r-release-macos-arm64, r-release-macos-x86_64, r-oldrel-macos-arm64, r-oldrel-macos-x86_64
Version: 2.4-4
Flags: --no-examples --no-tests --no-vignettes
Check: installed package size
Result: NOTE
installed size is 6.2Mb
sub-directories of 1Mb or more:
R 2.9Mb
help 2.8Mb
Flavors: r-devel-windows-x86_64, r-release-windows-x86_64, r-oldrel-windows-ix86+x86_64